141.98.11.17 - - [21/Mar/2026:20:22:03 +0100] "GET /admin/controller/extension/extension/ HTTP/1.1" 404 235 "binance.com" "Mozilla/5.0 (Windows NT 10.0; Win64; x64) AppleWebKit/537.36 (KHTML, like Gecko) Chrome/90.0.4430.85 Safari/537.36"
141.98.11.17 - - [21/Mar/2026:20:22:04 +0100] "GET /uploads/ HTTP/1.1" 404 206 "binance.com" "Mozilla/5.0 (Windows NT 10.0; Win64; x64) AppleWebKit/537.36 (KHTML, like Gecko) Chrome/90.0.4430.85 Safari/537.36"
141.98.11.17 - - [21/Mar/2026:20:22:05 +0100] "GET /images/ HTTP/1.1" 404 205 "binance.com" "Mozilla/5.0 (Windows NT 10.0; Win64; x64) AppleWebKit/537.36 (KHTML, like Gecko) Chrome/90.0.4430.85 Safari/537.36"
141.98.11.17 - - [21/Mar/2026:20:22:06 +0100] "GET /files/ HTTP/1.1" 404 204 "binance.com" "Mozilla/5.0 (Windows NT 10.0; Win64; x64) AppleWebKit/537.36 (KHTML, like Gecko) Chrome/90.0.4430.85 Safari/537.36"
129.226.213.145 - - [21/Mar/2026:20:22:09 +0100] "GET /logfiles/combined.log HTTP/1.1" 200 8588939 "-" "Mozilla/5.0 (iPhone; CPU iPhone OS 13_2_3 like Mac OS X) AppleWebKit/605.1.15 (KHTML, like Gecko) Version/13.0.3 Mobile/15E148 Safari/604.1"
162.62.213.165 - - [21/Mar/2026:20:22:18 +0100] "GET /?C=S;O=A HTTP/1.1" 200 693 "-" "Mozilla/5.0 (iPhone; CPU iPhone OS 13_2_3 like Mac OS X) AppleWebKit/605.1.15 (KHTML, like Gecko) Version/13.0.3 Mobile/15E148 Safari/604.1"
127.0.0.1 - - [21/Mar/2026:20:22:38 +0100] "OPTIONS * HTTP/1.0" 200 - "-" "Apache/2.4.6 (CentOS) OpenSSL/1.0.2k-fips mod_fcgid/2.3.9 PHP/8.3.8 (internal dummy connection)"
20.220.232.240 - - [21/Mar/2026:20:23:18 +0100] "GET /wp-content/plugins/hellopress/wp_filemanager.php HTTP/1.1" 404 246 "-" "-"
20.220.232.240 - - [21/Mar/2026:20:23:18 +0100] "GET /wp-blogs.php HTTP/1.1" 404 210 "-" "-"
20.220.232.240 - - [21/Mar/2026:20:23:18 +0100] "GET //tfm.php HTTP/1.1" 404 205 "-" "-"
20.220.232.240 - - [21/Mar/2026:20:23:18 +0100] "GET /8xyz.php HTTP/1.1" 404 206 "-" "-"
20.220.232.240 - - [21/Mar/2026:20:23:18 +0100] "GET /RIP.php HTTP/1.1" 404 205 "-" "-"
20.220.232.240 - - [21/Mar/2026:20:23:19 +0100] "GET /ioxi.php HTTP/1.1" 404 206 "-" "-"
20.220.232.240 - - [21/Mar/2026:20:23:19 +0100] "GET /nc4.php HTTP/1.1" 404 205 "-" "-"
20.220.232.240 - - [21/Mar/2026:20:23:19 +0100] "GET /wp-ssfc.php HTTP/1.1" 404 209 "-" "-"
20.220.232.240 - - [21/Mar/2026:20:23:19 +0100] "GET /ws75.php HTTP/1.1" 404 206 "-" "-"
20.220.232.240 - - [21/Mar/2026:20:23:19 +0100] "GET /ws78.php HTTP/1.1" 404 206 "-" "-"
20.220.232.240 - - [21/Mar/2026:20:23:20 +0100] "GET /wp-png.php HTTP/1.1" 404 208 "-" "-"
20.220.232.240 - - [21/Mar/2026:20:23:20 +0100] "GET /000.php HTTP/1.1" 404 205 "-" "-"
20.220.232.240 - - [21/Mar/2026:20:23:20 +0100] "GET /w3lls.php HTTP/1.1" 404 207 "-" "-"
20.220.232.240 - - [21/Mar/2026:20:23:20 +0100] "GET /ws86.php HTTP/1.1" 404 206 "-" "-"
20.220.232.240 - - [21/Mar/2026:20:23:20 +0100] "GET /xwx1.php HTTP/1.1" 404 206 "-" "-"
20.220.232.240 - - [21/Mar/2026:20:23:20 +0100] "GET /ggb.php HTTP/1.1" 404 205 "-" "-"
20.220.232.240 - - [21/Mar/2026:20:23:20 +0100] "GET /xff.php HTTP/1.1" 404 205 "-" "-"
20.220.232.240 - - [21/Mar/2026:20:23:20 +0100] "GET /wwx.php HTTP/1.1" 404 205 "-" "-"
20.220.232.240 - - [21/Mar/2026:20:23:21 +0100] "GET /term.php HTTP/1.1" 404 206 "-" "-"
20.220.232.240 - - [21/Mar/2026:20:23:21 +0100] "GET /ws77.php HTTP/1.1" 404 206 "-" "-"
20.220.232.240 - - [21/Mar/2026:20:23:21 +0100] "GET /gifclass.php HTTP/1.1" 404 210 "-" "-"
20.220.232.240 - - [21/Mar/2026:20:23:21 +0100] "GET /8.php HTTP/1.1" 404 203 "-" "-"
20.220.232.240 - - [21/Mar/2026:20:23:21 +0100] "GET /155.php HTTP/1.1" 404 205 "-" "-"
20.220.232.240 - - [21/Mar/2026:20:23:21 +0100] "GET /mh.php HTTP/1.1" 404 204 "-" "-"
20.220.232.240 - - [21/Mar/2026:20:23:21 +0100] "GET /222.php HTTP/1.1" 404 205 "-" "-"
20.220.232.240 - - [21/Mar/2026:20:23:21 +0100] "GET /hehe.php HTTP/1.1" 404 206 "-" "-"
20.220.232.240 - - [21/Mar/2026:20:23:22 +0100] "GET /tool.php HTTP/1.1" 404 206 "-" "-"
20.220.232.240 - - [21/Mar/2026:20:23:22 +0100] "GET /wp-act.php HTTP/1.1" 404 208 "-" "-"
20.220.232.240 - - [21/Mar/2026:20:23:22 +0100] "GET /cu.php HTTP/1.1" 404 204 "-" "-"
20.220.232.240 - - [21/Mar/2026:20:23:22 +0100] "GET /fs.php HTTP/1.1" 404 204 "-" "-"
20.220.232.240 - - [21/Mar/2026:20:23:22 +0100] "GET /asd.php HTTP/1.1" 404 205 "-" "-"
20.220.232.240 - - [21/Mar/2026:20:23:23 +0100] "GET /ws80.php HTTP/1.1" 404 206 "-" "-"
20.220.232.240 - - [21/Mar/2026:20:23:23 +0100] "GET /ms.php HTTP/1.1" 404 204 "-" "-"
20.220.232.240 - - [21/Mar/2026:20:23:23 +0100] "GET /jga.php HTTP/1.1" 404 205 "-" "-"
20.220.232.240 - - [21/Mar/2026:20:23:23 +0100] "GET /666.php HTTP/1.1" 404 205 "-" "-"
20.220.232.240 - - [21/Mar/2026:20:23:23 +0100] "GET /zc-104.php HTTP/1.1" 404 208 "-" "-"
20.220.232.240 - - [21/Mar/2026:20:23:23 +0100] "GET /ws88.php HTTP/1.1" 404 206 "-" "-"
20.220.232.240 - - [21/Mar/2026:20:23:23 +0100] "GET /ws60.php HTTP/1.1" 404 206 "-" "-"
20.220.232.240 - - [21/Mar/2026:20:23:23 +0100] "GET /bo.php HTTP/1.1" 404 204 "-" "-"
20.220.232.240 - - [21/Mar/2026:20:23:24 +0100] "GET /ws84.php HTTP/1.1" 404 206 "-" "-"
20.220.232.240 - - [21/Mar/2026:20:23:24 +0100] "GET /public/vx.php HTTP/1.1" 404 211 "-" "-"
20.220.232.240 - - [21/Mar/2026:20:23:24 +0100] "GET /vanda.php HTTP/1.1" 404 207 "-" "-"
20.220.232.240 - - [21/Mar/2026:20:23:24 +0100] "GET /amp.php HTTP/1.1" 404 205 "-" "-"
20.220.232.240 - - [21/Mar/2026:20:23:24 +0100] "GET /a4.php HTTP/1.1" 404 204 "-" "-"
20.220.232.240 - - [21/Mar/2026:20:23:24 +0100] "GET /1.php HTTP/1.1" 404 203 "-" "-"
20.220.232.240 - - [21/Mar/2026:20:23:24 +0100] "GET /b.php HTTP/1.1" 404 203 "-" "-"
20.220.232.240 - - [21/Mar/2026:20:23:24 +0100] "GET /hots.php HTTP/1.1" 404 206 "-" "-"
20.220.232.240 - - [21/Mar/2026:20:23:25 +0100] "GET /wp-the.php HTTP/1.1" 404 208 "-" "-"
20.220.232.240 - - [21/Mar/2026:20:23:25 +0100] "GET /kj.php HTTP/1.1" 404 204 "-" "-"
20.220.232.240 - - [21/Mar/2026:20:23:25 +0100] "GET /a5.php HTTP/1.1" 404 204 "-" "-"
20.220.232.240 - - [21/Mar/2026:20:23:25 +0100] "GET /44.php HTTP/1.1" 404 204 "-" "-"
20.220.232.240 - - [21/Mar/2026:20:23:26 +0100] "GET /public/ws49.php HTTP/1.1" 404 213 "-" "-"
20.220.232.240 - - [21/Mar/2026:20:23:26 +0100] "GET /xxw.php HTTP/1.1" 404 205 "-" "-"
20.220.232.240 - - [21/Mar/2026:20:23:26 +0100] "GET /sa.php7 HTTP/1.1" 404 205 "-" "-"
20.220.232.240 - - [21/Mar/2026:20:23:26 +0100] "GET /ms-edit.php HTTP/1.1" 404 209 "-" "-"
20.220.232.240 - - [21/Mar/2026:20:23:26 +0100] "GET /wp9.php HTTP/1.1" 404 205 "-" "-"
20.220.232.240 - - [21/Mar/2026:20:23:26 +0100] "GET /wen.php HTTP/1.1" 404 205 "-" "-"
20.220.232.240 - - [21/Mar/2026:20:23:27 +0100] "GET /wp5.php HTTP/1.1" 404 205 "-" "-"
20.220.232.240 - - [21/Mar/2026:20:23:27 +0100] "GET /varb.php HTTP/1.1" 404 206 "-" "-"
20.220.232.240 - - [21/Mar/2026:20:23:27 +0100] "GET /tt.php HTTP/1.1" 404 204 "-" "-"
20.220.232.240 - - [21/Mar/2026:20:23:27 +0100] "GET /gettest.php HTTP/1.1" 404 209 "-" "-"
20.220.232.240 - - [21/Mar/2026:20:23:27 +0100] "GET /vx.php HTTP/1.1" 404 204 "-" "-"
20.220.232.240 - - [21/Mar/2026:20:23:27 +0100] "GET /abrand.php HTTP/1.1" 404 208 "-" "-"
20.220.232.240 - - [21/Mar/2026:20:23:28 +0100] "GET /8573.php HTTP/1.1" 404 206 "-" "-"
20.220.232.240 - - [21/Mar/2026:20:23:28 +0100] "GET /bolt.php HTTP/1.1" 404 206 "-" "-"
20.220.232.240 - - [21/Mar/2026:20:23:28 +0100] "GET /tfm.php HTTP/1.1" 404 205 "-" "-"
20.220.232.240 - - [21/Mar/2026:20:23:28 +0100] "GET /lm15.php HTTP/1.1" 404 206 "-" "-"
20.220.232.240 - - [21/Mar/2026:20:23:28 +0100] "GET /wp-admin/css/bolt.php HTTP/1.1" 404 219 "-" "-"
20.220.232.240 - - [21/Mar/2026:20:23:29 +0100] "GET //nw.php HTTP/1.1" 404 204 "-" "-"
20.220.232.240 - - [21/Mar/2026:20:23:29 +0100] "GET /bnm.php HTTP/1.1" 404 205 "-" "-"
20.220.232.240 - - [21/Mar/2026:20:23:29 +0100] "GET /nw.php HTTP/1.1" 404 204 "-" "-"
20.220.232.240 - - [21/Mar/2026:20:23:29 +0100] "GET /s.php HTTP/1.1" 404 203 "-" "-"
20.220.232.240 - - [21/Mar/2026:20:23:29 +0100] "GET /hplfuns.php HTTP/1.1" 404 209 "-" "-"
20.220.232.240 - - [21/Mar/2026:20:23:29 +0100] "GET /jp.php HTTP/1.1" 404 204 "-" "-"
20.220.232.240 - - [21/Mar/2026:20:23:29 +0100] "GET /xsas.php HTTP/1.1" 404 206 "-" "-"
20.220.232.240 - - [21/Mar/2026:20:23:30 +0100] "GET /5b9ac.php HTTP/1.1" 404 207 "-" "-"
20.220.232.240 - - [21/Mar/2026:20:23:30 +0100] "GET /okxh.php HTTP/1.1" 404 206 "-" "-"
20.220.232.240 - - [21/Mar/2026:20:23:31 +0100] "GET /rzki.php HTTP/1.1" 404 206 "-" "-"
20.220.232.240 - - [21/Mar/2026:20:23:31 +0100] "GET /edit.php HTTP/1.1" 404 206 "-" "-"
20.220.232.240 - - [21/Mar/2026:20:23:31 +0100] "GET /t.php HTTP/1.1" 404 203 "-" "-"
20.220.232.240 - - [21/Mar/2026:20:23:32 +0100] "GET /file.php HTTP/1.1" 404 206 "-" "-"
20.220.232.240 - - [21/Mar/2026:20:23:33 +0100] "GET /66.php HTTP/1.1" 404 204 "-" "-"
20.220.232.240 - - [21/Mar/2026:20:23:33 +0100] "GET /amax.php HTTP/1.1" 404 206 "-" "-"
20.220.232.240 - - [21/Mar/2026:20:23:33 +0100] "GET /ioxi-o.php HTTP/1.1" 404 208 "-" "-"
20.220.232.240 - - [21/Mar/2026:20:23:33 +0100] "GET /admin/index.php HTTP/1.1" 404 213 "-" "-"
20.220.232.240 - - [21/Mar/2026:20:23:33 +0100] "GET /sid3.php HTTP/1.1" 404 206 "-" "-"
20.220.232.240 - - [21/Mar/2026:20:23:33 +0100] "GET /d12.php HTTP/1.1" 404 205 "-" "-"
20.220.232.240 - - [21/Mar/2026:20:23:34 +0100] "GET /wp-blog.php HTTP/1.1" 404 209 "-" "-"
20.220.232.240 - - [21/Mar/2026:20:23:34 +0100] "GET /wp-blog-header.php HTTP/1.1" 404 216 "-" "-"
20.220.232.240 - - [21/Mar/2026:20:23:34 +0100] "GET /abc.php HTTP/1.1" 404 205 "-" "-"
20.220.232.240 - - [21/Mar/2026:20:23:34 +0100] "GET /55b76.php HTTP/1.1" 404 207 "-" "-"
20.220.232.240 - - [21/Mar/2026:20:23:35 +0100] "GET /admin-footer.php HTTP/1.1" 404 214 "-" "-"
20.220.232.240 - - [21/Mar/2026:20:23:35 +0100] "GET /wp-good.php HTTP/1.1" 404 209 "-" "-"
20.220.232.240 - - [21/Mar/2026:20:23:35 +0100] "GET /ccs.php HTTP/1.1" 404 205 "-" "-"
20.220.232.240 - - [21/Mar/2026:20:23:35 +0100] "GET /ws83.php HTTP/1.1" 404 206 "-" "-"
20.220.232.240 - - [21/Mar/2026:20:23:35 +0100] "GET /inputs.php HTTP/1.1" 404 208 "-" "-"
20.220.232.240 - - [21/Mar/2026:20:23:35 +0100] "GET /drhunthq.php HTTP/1.1" 404 210 "-" "-"
20.220.232.240 - - [21/Mar/2026:20:23:35 +0100] "GET /a5e0a.php HTTP/1.1" 404 207 "-" "-"
20.220.232.240 - - [21/Mar/2026:20:23:35 +0100] "GET /lib.php HTTP/1.1" 404 205 "-" "-"
20.220.232.240 - - [21/Mar/2026:20:23:35 +0100] "GET /gfd.php HTTP/1.1" 404 205 "-" "-"
20.220.232.240 - - [21/Mar/2026:20:23:36 +0100] "GET /ws81.php HTTP/1.1" 404 206 "-" "-"
20.220.232.240 - - [21/Mar/2026:20:23:37 +0100] "GET /domains.php HTTP/1.1" 404 209 "-" "-"
20.220.232.240 - - [21/Mar/2026:20:23:37 +0100] "GET /byypas.php HTTP/1.1" 404 208 "-" "-"
20.220.232.240 - - [21/Mar/2026:20:23:38 +0100] "GET /install.php HTTP/1.1" 404 209 "-" "-"
20.220.232.240 - - [21/Mar/2026:20:23:38 +0100] "GET /myfile.php HTTP/1.1" 404 208 "-" "-"
20.220.232.240 - - [21/Mar/2026:20:23:39 +0100] "GET /grsiuk.php HTTP/1.1" 404 208 "-" "-"
20.220.232.240 - - [21/Mar/2026:20:23:39 +0100] "GET /wp-p2r3q9c8k4.php HTTP/1.1" 404 215 "-" "-"
20.220.232.240 - - [21/Mar/2026:20:23:39 +0100] "GET /wp-access.php HTTP/1.1" 404 211 "-" "-"
20.220.232.240 - - [21/Mar/2026:20:23:39 +0100] "GET /inege.php HTTP/1.1" 404 207 "-" "-"
20.220.232.240 - - [21/Mar/2026:20:23:39 +0100] "GET /bgymj.php HTTP/1.1" 404 207 "-" "-"
20.220.232.240 - - [21/Mar/2026:20:23:39 +0100] "GET /6kDPjgFTmvS.php HTTP/1.1" 404 213 "-" "-"
20.220.232.240 - - [21/Mar/2026:20:23:40 +0100] "GET /tx78.php HTTP/1.1" 404 206 "-" "-"
20.220.232.240 - - [21/Mar/2026:20:23:40 +0100] "GET /init.php HTTP/1.1" 404 206 "-" "-"
20.220.232.240 - - [21/Mar/2026:20:23:40 +0100] "GET /ws49.php HTTP/1.1" 404 206 "-" "-"
20.220.232.240 - - [21/Mar/2026:20:23:40 +0100] "GET /56c53.php HTTP/1.1" 404 207 "-" "-"
20.220.232.240 - - [21/Mar/2026:20:23:40 +0100] "GET /public/file.php HTTP/1.1" 404 213 "-" "-"
20.220.232.240 - - [21/Mar/2026:20:23:40 +0100] "GET /144.php HTTP/1.1" 404 205 "-" "-"
20.220.232.240 - - [21/Mar/2026:20:23:40 +0100] "GET /clss.php HTTP/1.1" 404 206 "-" "-"
20.220.232.240 - - [21/Mar/2026:20:23:40 +0100] "GET /motu.php HTTP/1.1" 404 206 "-" "-"
20.220.232.240 - - [21/Mar/2026:20:23:40 +0100] "GET /ajax.php HTTP/1.1" 404 206 "-" "-"
20.220.232.240 - - [21/Mar/2026:20:23:40 +0100] "GET /maul.php HTTP/1.1" 404 206 "-" "-"
20.220.232.240 - - [21/Mar/2026:20:23:42 +0100] "GET /public/wp-blog.php HTTP/1.1" 404 216 "-" "-"
20.220.232.240 - - [21/Mar/2026:20:23:42 +0100] "GET /wp-content/radio.php HTTP/1.1" 404 218 "-" "-"
20.220.232.240 - - [21/Mar/2026:20:23:42 +0100] "GET /callback.php HTTP/1.1" 404 210 "-" "-"
20.220.232.240 - - [21/Mar/2026:20:23:42 +0100] "GET /166.php HTTP/1.1" 404 205 "-" "-"
43.166.247.155 - - [21/Mar/2026:20:24:11 +0100] "GET / HTTP/1.1" 200 693 "-" "Mozilla/5.0 (iPhone; CPU iPhone OS 13_2_3 like Mac OS X) AppleWebKit/605.1.15 (KHTML, like Gecko) Version/13.0.3 Mobile/15E148 Safari/604.1"
111.172.249.49 - - [21/Mar/2026:20:24:14 +0100] "GET / HTTP/1.1" 200 693 "-" "Mozilla/5.0 (iPhone; CPU iPhone OS 13_2_3 like Mac OS X) AppleWebKit/605.1.15 (KHTML, like Gecko) Version/13.0.3 Mobile/15E148 Safari/604.1"
49.51.73.183 - - [21/Mar/2026:20:24:27 +0100] "GET /logfiles/?C=N;O=D HTTP/1.1" 200 3107 "-" "Mozilla/5.0 (iPhone; CPU iPhone OS 13_2_3 like Mac OS X) AppleWebKit/605.1.15 (KHTML, like Gecko) Version/13.0.3 Mobile/15E148 Safari/604.1"
43.159.128.247 - - [21/Mar/2026:20:28:02 +0100] "GET /logfiles/?C=M;O=A HTTP/1.1" 200 3107 "-" "Mozilla/5.0 (iPhone; CPU iPhone OS 13_2_3 like Mac OS X) AppleWebKit/605.1.15 (KHTML, like Gecko) Version/13.0.3 Mobile/15E148 Safari/604.1"
127.0.0.1 - - [21/Mar/2026:20:28:31 +0100] "OPTIONS * HTTP/1.0" 200 - "-" "Apache/2.4.6 (CentOS) OpenSSL/1.0.2k-fips mod_fcgid/2.3.9 PHP/8.3.8 (internal dummy connection)"
127.0.0.1 - - [21/Mar/2026:20:29:21 +0100] "OPTIONS * HTTP/1.0" 200 - "-" "Apache/2.4.6 (CentOS) OpenSSL/1.0.2k-fips mod_fcgid/2.3.9 PHP/8.3.8 (internal dummy connection)"
43.166.244.192 - - [21/Mar/2026:20:30:54 +0100] "GET /logfiles/access.log.2026.03.19 HTTP/1.1" 200 1552748 "-" "Mozilla/5.0 (iPhone; CPU iPhone OS 13_2_3 like Mac OS X) AppleWebKit/605.1.15 (KHTML, like Gecko) Version/13.0.3 Mobile/15E148 Safari/604.1"
127.0.0.1 - - [21/Mar/2026:20:32:08 +0100] "OPTIONS * HTTP/1.0" 200 - "-" "Apache/2.4.6 (CentOS) OpenSSL/1.0.2k-fips mod_fcgid/2.3.9 PHP/8.3.8 (internal dummy connection)"
43.166.224.244 - - [21/Mar/2026:20:32:13 +0100] "GET /logfiles/access.log.2026.03.19 HTTP/1.1" 200 1552748 "-" "Mozilla/5.0 (iPhone; CPU iPhone OS 13_2_3 like Mac OS X) AppleWebKit/605.1.15 (KHTML, like Gecko) Version/13.0.3 Mobile/15E148 Safari/604.1"
127.0.0.1 - - [21/Mar/2026:20:34:05 +0100] "OPTIONS * HTTP/1.0" 200 - "-" "Apache/2.4.6 (CentOS) OpenSSL/1.0.2k-fips mod_fcgid/2.3.9 PHP/8.3.8 (internal dummy connection)"
127.0.0.1 - - [21/Mar/2026:20:34:10 +0100] "OPTIONS * HTTP/1.0" 200 - "-" "Apache/2.4.6 (CentOS) OpenSSL/1.0.2k-fips mod_fcgid/2.3.9 PHP/8.3.8 (internal dummy connection)"
127.0.0.1 - - [21/Mar/2026:20:34:11 +0100] "OPTIONS * HTTP/1.0" 200 - "-" "Apache/2.4.6 (CentOS) OpenSSL/1.0.2k-fips mod_fcgid/2.3.9 PHP/8.3.8 (internal dummy connection)"
127.0.0.1 - - [21/Mar/2026:20:34:12 +0100] "OPTIONS * HTTP/1.0" 200 - "-" "Apache/2.4.6 (CentOS) OpenSSL/1.0.2k-fips mod_fcgid/2.3.9 PHP/8.3.8 (internal dummy connection)"
127.0.0.1 - - [21/Mar/2026:20:34:13 +0100] "OPTIONS * HTTP/1.0" 200 - "-" "Apache/2.4.6 (CentOS) OpenSSL/1.0.2k-fips mod_fcgid/2.3.9 PHP/8.3.8 (internal dummy connection)"
127.0.0.1 - - [21/Mar/2026:20:34:14 +0100] "OPTIONS * HTTP/1.0" 200 - "-" "Apache/2.4.6 (CentOS) OpenSSL/1.0.2k-fips mod_fcgid/2.3.9 PHP/8.3.8 (internal dummy connection)"
43.135.134.127 - - [21/Mar/2026:20:34:17 +0100] "GET /logfiles/ HTTP/1.1" 200 3107 "-" "Mozilla/5.0 (iPhone; CPU iPhone OS 13_2_3 like Mac OS X) AppleWebKit/605.1.15 (KHTML, like Gecko) Version/13.0.3 Mobile/15E148 Safari/604.1"
127.0.0.1 - - [21/Mar/2026:20:34:21 +0100] "OPTIONS * HTTP/1.0" 200 - "-" "Apache/2.4.6 (CentOS) OpenSSL/1.0.2k-fips mod_fcgid/2.3.9 PHP/8.3.8 (internal dummy connection)"
127.0.0.1 - - [21/Mar/2026:20:34:22 +0100] "OPTIONS * HTTP/1.0" 200 - "-" "Apache/2.4.6 (CentOS) OpenSSL/1.0.2k-fips mod_fcgid/2.3.9 PHP/8.3.8 (internal dummy connection)"
43.153.79.218 - - [21/Mar/2026:20:34:34 +0100] "GET / HTTP/1.1" 200 693 "-" "Mozilla/5.0 (iPhone; CPU iPhone OS 13_2_3 like Mac OS X) AppleWebKit/605.1.15 (KHTML, like Gecko) Version/13.0.3 Mobile/15E148 Safari/604.1"
127.0.0.1 - - [21/Mar/2026:20:35:29 +0100] "OPTIONS * HTTP/1.0" 200 - "-" "Apache/2.4.6 (CentOS) OpenSSL/1.0.2k-fips mod_fcgid/2.3.9 PHP/8.3.8 (internal dummy connection)"
127.0.0.1 - - [21/Mar/2026:20:35:30 +0100] "OPTIONS * HTTP/1.0" 200 - "-" "Apache/2.4.6 (CentOS) OpenSSL/1.0.2k-fips mod_fcgid/2.3.9 PHP/8.3.8 (internal dummy connection)"
127.0.0.1 - - [21/Mar/2026:20:35:31 +0100] "OPTIONS * HTTP/1.0" 200 - "-" "Apache/2.4.6 (CentOS) OpenSSL/1.0.2k-fips mod_fcgid/2.3.9 PHP/8.3.8 (internal dummy connection)"
127.0.0.1 - - [21/Mar/2026:20:35:32 +0100] "OPTIONS * HTTP/1.0" 200 - "-" "Apache/2.4.6 (CentOS) OpenSSL/1.0.2k-fips mod_fcgid/2.3.9 PHP/8.3.8 (internal dummy connection)"
127.0.0.1 - - [21/Mar/2026:20:37:00 +0100] "OPTIONS * HTTP/1.0" 200 - "-" "Apache/2.4.6 (CentOS) OpenSSL/1.0.2k-fips mod_fcgid/2.3.9 PHP/8.3.8 (internal dummy connection)"
43.157.156.190 - - [21/Mar/2026:20:38:12 +0100] "GET /?C=M;O=A HTTP/1.1" 200 693 "-" "Mozilla/5.0 (iPhone; CPU iPhone OS 13_2_3 like Mac OS X) AppleWebKit/605.1.15 (KHTML, like Gecko) Version/13.0.3 Mobile/15E148 Safari/604.1"
172.94.9.253 - - [21/Mar/2026:20:40:32 +0100] "GET /.git/config HTTP/1.1" 404 209 "-" "Mozilla/5.0 (Macintosh; Intel Mac OS X 10_15_7) AppleWebKit/605.1.15 (KHTML, like Gecko) Version/18.5 Safari/605.1.15"
127.0.0.1 - - [21/Mar/2026:20:40:33 +0100] "OPTIONS * HTTP/1.0" 200 - "-" "Apache/2.4.6 (CentOS) OpenSSL/1.0.2k-fips mod_fcgid/2.3.9 PHP/8.3.8 (internal dummy connection)"
127.0.0.1 - - [21/Mar/2026:20:40:34 +0100] "OPTIONS * HTTP/1.0" 200 - "-" "Apache/2.4.6 (CentOS) OpenSSL/1.0.2k-fips mod_fcgid/2.3.9 PHP/8.3.8 (internal dummy connection)"
43.159.152.184 - - [21/Mar/2026:20:41:16 +0100] "GET /logfiles/error.log.2026.03.20 HTTP/1.1" 200 162914 "-" "Mozilla/5.0 (iPhone; CPU iPhone OS 13_2_3 like Mac OS X) AppleWebKit/605.1.15 (KHTML, like Gecko) Version/13.0.3 Mobile/15E148 Safari/604.1"
127.0.0.1 - - [21/Mar/2026:20:41:29 +0100] "OPTIONS * HTTP/1.0" 200 - "-" "Apache/2.4.6 (CentOS) OpenSSL/1.0.2k-fips mod_fcgid/2.3.9 PHP/8.3.8 (internal dummy connection)"
168.144.35.115 - - [21/Mar/2026:20:41:55 +0100] "GET /wp-includes/speculative8.php HTTP/1.1" 404 226 "-" "Mozlila/5.0 (Linux; Android 7.0; SM-G892A Bulid/NRD90M; wv) AppleWebKit/537.36 (KHTML, like Gecko) Version/4.0 Chrome/60.0.3112.107 Mobile Safari/537.36"
168.144.35.115 - - [21/Mar/2026:20:42:01 +0100] "GET /wp-includes/SimplePie/about.php HTTP/1.1" 404 229 "-" "Mozlila/5.0 (Linux; Android 7.0; SM-G892A Bulid/NRD90M; wv) AppleWebKit/537.36 (KHTML, like Gecko) Version/4.0 Chrome/60.0.3112.107 Mobile Safari/537.36"
168.144.35.115 - - [21/Mar/2026:20:42:03 +0100] "GET /wp-admin/includes/nav.php HTTP/1.1" 404 223 "-" "Mozlila/5.0 (Linux; Android 7.0; SM-G892A Bulid/NRD90M; wv) AppleWebKit/537.36 (KHTML, like Gecko) Version/4.0 Chrome/60.0.3112.107 Mobile Safari/537.36"
204.76.203.212 - - [21/Mar/2026:20:42:36 +0100] "GET / HTTP/1.1" 200 693 "-" "Mozilla/5.0 (Windows NT 10.0; Win64; x64) AppleWebKit/537.36 (KHTML, like Gecko) Chrome/90.0.4430.85 Safari/537.36 Edg/90.0.818.46"
127.0.0.1 - - [21/Mar/2026:20:42:50 +0100] "OPTIONS * HTTP/1.0" 200 - "-" "Apache/2.4.6 (CentOS) OpenSSL/1.0.2k-fips mod_fcgid/2.3.9 PHP/8.3.8 (internal dummy connection)"
43.153.71.132 - - [21/Mar/2026:20:43:06 +0100] "GET /logfiles/access.log.2026.03.20 HTTP/1.1" 200 730814 "-" "Mozilla/5.0 (iPhone; CPU iPhone OS 13_2_3 like Mac OS X) AppleWebKit/605.1.15 (KHTML, like Gecko) Version/13.0.3 Mobile/15E148 Safari/604.1"
170.106.35.153 - - [21/Mar/2026:20:44:48 +0100] "GET /?C=D;O=A HTTP/1.1" 200 693 "-" "Mozilla/5.0 (iPhone; CPU iPhone OS 13_2_3 like Mac OS X) AppleWebKit/605.1.15 (KHTML, like Gecko) Version/13.0.3 Mobile/15E148 Safari/604.1"
127.0.0.1 - - [21/Mar/2026:20:47:55 +0100] "OPTIONS * HTTP/1.0" 200 - "-" "Apache/2.4.6 (CentOS) OpenSSL/1.0.2k-fips mod_fcgid/2.3.9 PHP/8.3.8 (internal dummy connection)"
127.0.0.1 - - [21/Mar/2026:20:48:02 +0100] "OPTIONS * HTTP/1.0" 200 - "-" "Apache/2.4.6 (CentOS) OpenSSL/1.0.2k-fips mod_fcgid/2.3.9 PHP/8.3.8 (internal dummy connection)"
43.131.36.84 - - [21/Mar/2026:20:48:47 +0100] "GET /?C=S;O=A HTTP/1.1" 200 693 "-" "Mozilla/5.0 (iPhone; CPU iPhone OS 13_2_3 like Mac OS X) AppleWebKit/605.1.15 (KHTML, like Gecko) Version/13.0.3 Mobile/15E148 Safari/604.1"
43.135.182.95 - - [21/Mar/2026:20:49:10 +0100] "GET /logfiles/ HTTP/1.1" 200 3107 "-" "Mozilla/5.0 (iPhone; CPU iPhone OS 13_2_3 like Mac OS X) AppleWebKit/605.1.15 (KHTML, like Gecko) Version/13.0.3 Mobile/15E148 Safari/604.1"
43.153.192.98 - - [21/Mar/2026:20:51:14 +0100] "GET /logfiles/?C=N;O=A HTTP/1.1" 200 3107 "-" "Mozilla/5.0 (iPhone; CPU iPhone OS 13_2_3 like Mac OS X) AppleWebKit/605.1.15 (KHTML, like Gecko) Version/13.0.3 Mobile/15E148 Safari/604.1"
20.65.193.82 - - [21/Mar/2026:20:52:20 +0100] "GET / HTTP/1.1" 200 693 "-" "Mozilla/5.0 zgrab/0.x"
170.106.140.110 - - [21/Mar/2026:20:52:40 +0100] "GET /logfiles/error.log.2026.03.17 HTTP/1.1" 200 108715 "-" "Mozilla/5.0 (iPhone; CPU iPhone OS 13_2_3 like Mac OS X) AppleWebKit/605.1.15 (KHTML, like Gecko) Version/13.0.3 Mobile/15E148 Safari/604.1"
43.128.67.187 - - [21/Mar/2026:20:57:45 +0100] "GET /?C=N;O=D HTTP/1.1" 200 693 "-" "Mozilla/5.0 (iPhone; CPU iPhone OS 13_2_3 like Mac OS X) AppleWebKit/605.1.15 (KHTML, like Gecko) Version/13.0.3 Mobile/15E148 Safari/604.1"
127.0.0.1 - - [21/Mar/2026:20:58:30 +0100] "OPTIONS * HTTP/1.0" 200 - "-" "Apache/2.4.6 (CentOS) OpenSSL/1.0.2k-fips mod_fcgid/2.3.9 PHP/8.3.8 (internal dummy connection)"
127.0.0.1 - - [21/Mar/2026:20:58:53 +0100] "OPTIONS * HTTP/1.0" 200 - "-" "Apache/2.4.6 (CentOS) OpenSSL/1.0.2k-fips mod_fcgid/2.3.9 PHP/8.3.8 (internal dummy connection)"
43.159.136.201 - - [21/Mar/2026:20:59:08 +0100] "GET /?C=D;O=A HTTP/1.1" 200 693 "-" "Mozilla/5.0 (iPhone; CPU iPhone OS 13_2_3 like Mac OS X) AppleWebKit/605.1.15 (KHTML, like Gecko) Version/13.0.3 Mobile/15E148 Safari/604.1"
68.183.238.42 - - [21/Mar/2026:20:59:57 +0100] "GET / HTTP/1.1" 200 693 "-" "-"
162.62.231.139 - - [21/Mar/2026:21:00:03 +0100] "GET /?C=M;O=A HTTP/1.1" 200 693 "-" "Mozilla/5.0 (iPhone; CPU iPhone OS 13_2_3 like Mac OS X) AppleWebKit/605.1.15 (KHTML, like Gecko) Version/13.0.3 Mobile/15E148 Safari/604.1"
127.0.0.1 - - [21/Mar/2026:21:01:10 +0100] "OPTIONS * HTTP/1.0" 200 - "-" "Apache/2.4.6 (CentOS) OpenSSL/1.0.2k-fips mod_fcgid/2.3.9 PHP/8.3.8 (internal dummy connection)"
127.0.0.1 - - [21/Mar/2026:21:01:15 +0100] "OPTIONS * HTTP/1.0" 200 - "-" "Apache/2.4.6 (CentOS) OpenSSL/1.0.2k-fips mod_fcgid/2.3.9 PHP/8.3.8 (internal dummy connection)"
176.65.149.215 - - [21/Mar/2026:21:01:46 +0100] "CONNECT google.com:443 HTTP/1.1" 405 225 "-" "Go-http-client/1.1"
43.130.102.223 - - [21/Mar/2026:21:02:52 +0100] "GET /logfiles/error.log.2026.03.18 HTTP/1.1" 200 120858 "-" "Mozilla/5.0 (iPhone; CPU iPhone OS 13_2_3 like Mac OS X) AppleWebKit/605.1.15 (KHTML, like Gecko) Version/13.0.3 Mobile/15E148 Safari/604.1"
43.159.149.216 - - [21/Mar/2026:21:03:06 +0100] "GET /?C=N;O=A HTTP/1.1" 200 693 "-" "Mozilla/5.0 (iPhone; CPU iPhone OS 13_2_3 like Mac OS X) AppleWebKit/605.1.15 (KHTML, like Gecko) Version/13.0.3 Mobile/15E148 Safari/604.1"
127.0.0.1 - - [21/Mar/2026:21:03:32 +0100] "OPTIONS * HTTP/1.0" 200 - "-" "Apache/2.4.6 (CentOS) OpenSSL/1.0.2k-fips mod_fcgid/2.3.9 PHP/8.3.8 (internal dummy connection)"
127.0.0.1 - - [21/Mar/2026:21:03:33 +0100] "OPTIONS * HTTP/1.0" 200 - "-" "Apache/2.4.6 (CentOS) OpenSSL/1.0.2k-fips mod_fcgid/2.3.9 PHP/8.3.8 (internal dummy connection)"
127.0.0.1 - - [21/Mar/2026:21:03:34 +0100] "OPTIONS * HTTP/1.0" 200 - "-" "Apache/2.4.6 (CentOS) OpenSSL/1.0.2k-fips mod_fcgid/2.3.9 PHP/8.3.8 (internal dummy connection)"
127.0.0.1 - - [21/Mar/2026:21:04:05 +0100] "OPTIONS * HTTP/1.0" 200 - "-" "Apache/2.4.6 (CentOS) OpenSSL/1.0.2k-fips mod_fcgid/2.3.9 PHP/8.3.8 (internal dummy connection)"
127.0.0.1 - - [21/Mar/2026:21:05:10 +0100] "OPTIONS * HTTP/1.0" 200 - "-" "Apache/2.4.6 (CentOS) OpenSSL/1.0.2k-fips mod_fcgid/2.3.9 PHP/8.3.8 (internal dummy connection)"
127.0.0.1 - - [21/Mar/2026:21:05:18 +0100] "OPTIONS * HTTP/1.0" 200 - "-" "Apache/2.4.6 (CentOS) OpenSSL/1.0.2k-fips mod_fcgid/2.3.9 PHP/8.3.8 (internal dummy connection)"
127.0.0.1 - - [21/Mar/2026:21:05:19 +0100] "OPTIONS * HTTP/1.0" 200 - "-" "Apache/2.4.6 (CentOS) OpenSSL/1.0.2k-fips mod_fcgid/2.3.9 PHP/8.3.8 (internal dummy connection)"
127.0.0.1 - - [21/Mar/2026:21:08:22 +0100] "OPTIONS * HTTP/1.0" 200 - "-" "Apache/2.4.6 (CentOS) OpenSSL/1.0.2k-fips mod_fcgid/2.3.9 PHP/8.3.8 (internal dummy connection)"
127.0.0.1 - - [21/Mar/2026:21:10:05 +0100] "OPTIONS * HTTP/1.0" 200 - "-" "Apache/2.4.6 (CentOS) OpenSSL/1.0.2k-fips mod_fcgid/2.3.9 PHP/8.3.8 (internal dummy connection)"
204.76.203.212 - - [21/Mar/2026:21:11:15 +0100] "GET / HTTP/1.1" 200 693 "-" "Mozilla/5.0 (Windows NT 10.0; Win64; x64) AppleWebKit/537.36 (KHTML, like Gecko) Chrome/90.0.4430.85 Safari/537.36 Edg/90.0.818.46"
43.133.69.37 - - [21/Mar/2026:21:12:53 +0100] "GET /?C=S;O=A HTTP/1.1" 200 693 "-" "Mozilla/5.0 (iPhone; CPU iPhone OS 13_2_3 like Mac OS X) AppleWebKit/605.1.15 (KHTML, like Gecko) Version/13.0.3 Mobile/15E148 Safari/604.1"
43.166.244.251 - - [21/Mar/2026:21:14:01 +0100] "GET /logfiles/ HTTP/1.1" 200 3107 "-" "Mozilla/5.0 (iPhone; CPU iPhone OS 13_2_3 like Mac OS X) AppleWebKit/605.1.15 (KHTML, like Gecko) Version/13.0.3 Mobile/15E148 Safari/604.1"
43.157.142.101 - - [21/Mar/2026:21:14:22 +0100] "GET /logfiles/error.log.2026.03.19 HTTP/1.1" 200 138692 "-" "Mozilla/5.0 (iPhone; CPU iPhone OS 13_2_3 like Mac OS X) AppleWebKit/605.1.15 (KHTML, like Gecko) Version/13.0.3 Mobile/15E148 Safari/604.1"
43.133.220.37 - - [21/Mar/2026:21:14:50 +0100] "GET /?C=M;O=D HTTP/1.1" 200 693 "-" "Mozilla/5.0 (iPhone; CPU iPhone OS 13_2_3 like Mac OS X) AppleWebKit/605.1.15 (KHTML, like Gecko) Version/13.0.3 Mobile/15E148 Safari/604.1"
43.166.247.155 - - [21/Mar/2026:21:16:17 +0100] "GET /?C=D;O=A HTTP/1.1" 200 693 "-" "Mozilla/5.0 (iPhone; CPU iPhone OS 13_2_3 like Mac OS X) AppleWebKit/605.1.15 (KHTML, like Gecko) Version/13.0.3 Mobile/15E148 Safari/604.1"
127.0.0.1 - - [21/Mar/2026:21:16:32 +0100] "OPTIONS * HTTP/1.0" 200 - "-" "Apache/2.4.6 (CentOS) OpenSSL/1.0.2k-fips mod_fcgid/2.3.9 PHP/8.3.8 (internal dummy connection)"
127.0.0.1 - - [21/Mar/2026:21:18:43 +0100] "OPTIONS * HTTP/1.0" 200 - "-" "Apache/2.4.6 (CentOS) OpenSSL/1.0.2k-fips mod_fcgid/2.3.9 PHP/8.3.8 (internal dummy connection)"
127.0.0.1 - - [21/Mar/2026:21:18:48 +0100] "OPTIONS * HTTP/1.0" 200 - "-" "Apache/2.4.6 (CentOS) OpenSSL/1.0.2k-fips mod_fcgid/2.3.9 PHP/8.3.8 (internal dummy connection)"
127.0.0.1 - - [21/Mar/2026:21:20:20 +0100] "OPTIONS * HTTP/1.0" 200 - "-" "Apache/2.4.6 (CentOS) OpenSSL/1.0.2k-fips mod_fcgid/2.3.9 PHP/8.3.8 (internal dummy connection)"
127.0.0.1 - - [21/Mar/2026:21:20:21 +0100] "OPTIONS * HTTP/1.0" 200 - "-" "Apache/2.4.6 (CentOS) OpenSSL/1.0.2k-fips mod_fcgid/2.3.9 PHP/8.3.8 (internal dummy connection)"
127.0.0.1 - - [21/Mar/2026:21:20:22 +0100] "OPTIONS * HTTP/1.0" 200 - "-" "Apache/2.4.6 (CentOS) OpenSSL/1.0.2k-fips mod_fcgid/2.3.9 PHP/8.3.8 (internal dummy connection)"
170.106.35.153 - - [21/Mar/2026:21:20:44 +0100] "GET /?C=D;O=A HTTP/1.1" 200 693 "-" "Mozilla/5.0 (iPhone; CPU iPhone OS 13_2_3 like Mac OS X) AppleWebKit/605.1.15 (KHTML, like Gecko) Version/13.0.3 Mobile/15E148 Safari/604.1"
43.131.253.14 - - [21/Mar/2026:21:21:13 +0100] "GET /?C=S;O=A HTTP/1.1" 200 693 "-" "Mozilla/5.0 (iPhone; CPU iPhone OS 13_2_3 like Mac OS X) AppleWebKit/605.1.15 (KHTML, like Gecko) Version/13.0.3 Mobile/15E148 Safari/604.1"
43.166.237.57 - - [21/Mar/2026:21:21:24 +0100] "GET /?C=M;O=A HTTP/1.1" 200 693 "-" "Mozilla/5.0 (iPhone; CPU iPhone OS 13_2_3 like Mac OS X) AppleWebKit/605.1.15 (KHTML, like Gecko) Version/13.0.3 Mobile/15E148 Safari/604.1"
43.155.188.157 - - [21/Mar/2026:21:21:25 +0100] "GET / HTTP/1.1" 200 693 "-" "Mozilla/5.0 (iPhone; CPU iPhone OS 13_2_3 like Mac OS X) AppleWebKit/605.1.15 (KHTML, like Gecko) Version/13.0.3 Mobile/15E148 Safari/604.1"
127.0.0.1 - - [21/Mar/2026:21:24:03 +0100] "OPTIONS * HTTP/1.0" 200 - "-" "Apache/2.4.6 (CentOS) OpenSSL/1.0.2k-fips mod_fcgid/2.3.9 PHP/8.3.8 (internal dummy connection)"
127.0.0.1 - - [21/Mar/2026:21:24:08 +0100] "OPTIONS * HTTP/1.0" 200 - "-" "Apache/2.4.6 (CentOS) OpenSSL/1.0.2k-fips mod_fcgid/2.3.9 PHP/8.3.8 (internal dummy connection)"
43.130.60.195 - - [21/Mar/2026:21:24:10 +0100] "GET /?C=S;O=D HTTP/1.1" 200 693 "-" "Mozilla/5.0 (iPhone; CPU iPhone OS 13_2_3 like Mac OS X) AppleWebKit/605.1.15 (KHTML, like Gecko) Version/13.0.3 Mobile/15E148 Safari/604.1"
127.0.0.1 - - [21/Mar/2026:21:24:21 +0100] "OPTIONS * HTTP/1.0" 200 - "-" "Apache/2.4.6 (CentOS) OpenSSL/1.0.2k-fips mod_fcgid/2.3.9 PHP/8.3.8 (internal dummy connection)"
43.166.136.153 - - [21/Mar/2026:21:25:04 +0100] "GET /logfiles/combined.log HTTP/1.1" 200 8588939 "-" "Mozilla/5.0 (iPhone; CPU iPhone OS 13_2_3 like Mac OS X) AppleWebKit/605.1.15 (KHTML, like Gecko) Version/13.0.3 Mobile/15E148 Safari/604.1"
195.3.221.8 - - [21/Mar/2026:21:27:19 +0100] "GET / HTTP/1.1" 200 693 "-" "Mozilla/5.0 (Windows NT 10.0; Win64; x64) AppleWebKit/537.36 (KHTML, like Gecko) Chrome/90.0.4430.85 Safari/537.36 Edg/90.0.818.46"
43.166.255.102 - - [21/Mar/2026:21:28:24 +0100] "GET /?C=N;O=D HTTP/1.1" 200 693 "-" "Mozilla/5.0 (iPhone; CPU iPhone OS 13_2_3 like Mac OS X) AppleWebKit/605.1.15 (KHTML, like Gecko) Version/13.0.3 Mobile/15E148 Safari/604.1"
150.109.230.210 - - [21/Mar/2026:21:28:55 +0100] "GET /?C=M;O=D HTTP/1.1" 200 693 "-" "Mozilla/5.0 (iPhone; CPU iPhone OS 13_2_3 like Mac OS X) AppleWebKit/605.1.15 (KHTML, like Gecko) Version/13.0.3 Mobile/15E148 Safari/604.1"
43.157.170.126 - - [21/Mar/2026:21:29:25 +0100] "GET /logfiles/ HTTP/1.1" 200 3107 "-" "Mozilla/5.0 (iPhone; CPU iPhone OS 13_2_3 like Mac OS X) AppleWebKit/605.1.15 (KHTML, like Gecko) Version/13.0.3 Mobile/15E148 Safari/604.1"
127.0.0.1 - - [21/Mar/2026:21:29:30 +0100] "OPTIONS * HTTP/1.0" 200 - "-" "Apache/2.4.6 (CentOS) OpenSSL/1.0.2k-fips mod_fcgid/2.3.9 PHP/8.3.8 (internal dummy connection)"
86.82.78.184 - - [21/Mar/2026:21:29:43 +0100] "GET / HTTP/1.1" 200 693 "-" "Mozilla/5.0 (Macintosh; Intel Mac OS X 10_15_7) AppleWebKit/605.1.15 (KHTML, like Gecko) Version/16.0 Safari/605.1.15"
86.82.78.184 - - [21/Mar/2026:21:29:43 +0100] "GET /favicon.ico HTTP/1.1" 404 209 "-" "Ecosia/2689 CFNetwork/3860.400.51 Darwin/25.3.0"
127.0.0.1 - - [21/Mar/2026:21:29:44 +0100] "OPTIONS * HTTP/1.0" 200 - "-" "Apache/2.4.6 (CentOS) OpenSSL/1.0.2k-fips mod_fcgid/2.3.9 PHP/8.3.8 (internal dummy connection)"
127.0.0.1 - - [21/Mar/2026:21:29:45 +0100] "OPTIONS * HTTP/1.0" 200 - "-" "Apache/2.4.6 (CentOS) OpenSSL/1.0.2k-fips mod_fcgid/2.3.9 PHP/8.3.8 (internal dummy connection)"
127.0.0.1 - - [21/Mar/2026:21:29:50 +0100] "OPTIONS * HTTP/1.0" 200 - "-" "Apache/2.4.6 (CentOS) OpenSSL/1.0.2k-fips mod_fcgid/2.3.9 PHP/8.3.8 (internal dummy connection)"
127.0.0.1 - - [21/Mar/2026:21:32:09 +0100] "OPTIONS * HTTP/1.0" 200 - "-" "Apache/2.4.6 (CentOS) OpenSSL/1.0.2k-fips mod_fcgid/2.3.9 PHP/8.3.8 (internal dummy connection)"
101.33.55.204 - - [21/Mar/2026:21:32:24 +0100] "GET / HTTP/1.1" 200 693 "-" "Mozilla/5.0 (iPhone; CPU iPhone OS 13_2_3 like Mac OS X) AppleWebKit/605.1.15 (KHTML, like Gecko) Version/13.0.3 Mobile/15E148 Safari/604.1"
43.135.172.89 - - [21/Mar/2026:21:33:07 +0100] "GET /logfiles/error.log.2026.03.21 HTTP/1.1" 200 58906 "-" "Mozilla/5.0 (iPhone; CPU iPhone OS 13_2_3 like Mac OS X) AppleWebKit/605.1.15 (KHTML, like Gecko) Version/13.0.3 Mobile/15E148 Safari/604.1"
127.0.0.1 - - [21/Mar/2026:21:33:17 +0100] "OPTIONS * HTTP/1.0" 200 - "-" "Apache/2.4.6 (CentOS) OpenSSL/1.0.2k-fips mod_fcgid/2.3.9 PHP/8.3.8 (internal dummy connection)"
127.0.0.1 - - [21/Mar/2026:21:33:18 +0100] "OPTIONS * HTTP/1.0" 200 - "-" "Apache/2.4.6 (CentOS) OpenSSL/1.0.2k-fips mod_fcgid/2.3.9 PHP/8.3.8 (internal dummy connection)"
204.76.203.212 - - [21/Mar/2026:21:34:23 +0100] "GET / HTTP/1.1" 200 693 "-" "Mozilla/5.0 (Windows NT 10.0; Win64; x64) AppleWebKit/537.36 (KHTML, like Gecko) Chrome/90.0.4430.85 Safari/537.36 Edg/90.0.818.46"
170.106.65.93 - - [21/Mar/2026:21:35:50 +0100] "GET /?C=M;O=A HTTP/1.1" 200 693 "-" "Mozilla/5.0 (iPhone; CPU iPhone OS 13_2_3 like Mac OS X) AppleWebKit/605.1.15 (KHTML, like Gecko) Version/13.0.3 Mobile/15E148 Safari/604.1"
127.0.0.1 - - [21/Mar/2026:21:37:53 +0100] "OPTIONS * HTTP/1.0" 200 - "-" "Apache/2.4.6 (CentOS) OpenSSL/1.0.2k-fips mod_fcgid/2.3.9 PHP/8.3.8 (internal dummy connection)"
127.0.0.1 - - [21/Mar/2026:21:37:54 +0100] "OPTIONS * HTTP/1.0" 200 - "-" "Apache/2.4.6 (CentOS) OpenSSL/1.0.2k-fips mod_fcgid/2.3.9 PHP/8.3.8 (internal dummy connection)"
127.0.0.1 - - [21/Mar/2026:21:37:55 +0100] "OPTIONS * HTTP/1.0" 200 - "-" "Apache/2.4.6 (CentOS) OpenSSL/1.0.2k-fips mod_fcgid/2.3.9 PHP/8.3.8 (internal dummy connection)"
127.0.0.1 - - [21/Mar/2026:21:37:56 +0100] "OPTIONS * HTTP/1.0" 200 - "-" "Apache/2.4.6 (CentOS) OpenSSL/1.0.2k-fips mod_fcgid/2.3.9 PHP/8.3.8 (internal dummy connection)"
43.133.139.6 - - [21/Mar/2026:21:39:24 +0100] "GET /?C=N;O=A HTTP/1.1" 200 693 "-" "Mozilla/5.0 (iPhone; CPU iPhone OS 13_2_3 like Mac OS X) AppleWebKit/605.1.15 (KHTML, like Gecko) Version/13.0.3 Mobile/15E148 Safari/604.1"
165.245.182.247 - - [21/Mar/2026:21:39:26 +0100] "GET / HTTP/1.1" 200 693 "-" "-"
43.157.148.38 - - [21/Mar/2026:21:39:31 +0100] "GET /?C=N;O=A HTTP/1.1" 200 693 "-" "Mozilla/5.0 (iPhone; CPU iPhone OS 13_2_3 like Mac OS X) AppleWebKit/605.1.15 (KHTML, like Gecko) Version/13.0.3 Mobile/15E148 Safari/604.1"
170.106.180.139 - - [21/Mar/2026:21:39:50 +0100] "GET /?C=N;O=A HTTP/1.1" 200 693 "-" "Mozilla/5.0 (iPhone; CPU iPhone OS 13_2_3 like Mac OS X) AppleWebKit/605.1.15 (KHTML, like Gecko) Version/13.0.3 Mobile/15E148 Safari/604.1"
127.0.0.1 - - [21/Mar/2026:21:39:59 +0100] "OPTIONS * HTTP/1.0" 200 - "-" "Apache/2.4.6 (CentOS) OpenSSL/1.0.2k-fips mod_fcgid/2.3.9 PHP/8.3.8 (internal dummy connection)"
127.0.0.1 - - [21/Mar/2026:21:40:00 +0100] "OPTIONS * HTTP/1.0" 200 - "-" "Apache/2.4.6 (CentOS) OpenSSL/1.0.2k-fips mod_fcgid/2.3.9 PHP/8.3.8 (internal dummy connection)"
127.0.0.1 - - [21/Mar/2026:21:40:01 +0100] "OPTIONS * HTTP/1.0" 200 - "-" "Apache/2.4.6 (CentOS) OpenSSL/1.0.2k-fips mod_fcgid/2.3.9 PHP/8.3.8 (internal dummy connection)"
103.26.11.202 - - [21/Mar/2026:21:40:38 +0100] "GET / HTTP/1.1" 200 693 "-" "Mozilla/5.0 (Macintosh; Intel Mac OS X 10_15_7) AppleWebKit/537.36 Chrome/120.0.0.0 Safari/537.36"
103.26.11.202 - - [21/Mar/2026:21:40:38 +0100] "GET /wp-login.php HTTP/1.1" 404 210 "-" "Mozilla/5.0 (Macintosh; Intel Mac OS X 10_15_7) AppleWebKit/537.36 Chrome/120.0.0.0 Safari/537.36"
103.26.11.202 - - [21/Mar/2026:21:40:38 +0100] "GET /administrator/ HTTP/1.1" 404 212 "-" "Mozilla/5.0 (Windows NT 10.0; Win64; x64) AppleWebKit/537.36 Chrome/121.0.0.0 Safari/537.36"
127.0.0.1 - - [21/Mar/2026:21:42:46 +0100] "OPTIONS * HTTP/1.0" 200 - "-" "Apache/2.4.6 (CentOS) OpenSSL/1.0.2k-fips mod_fcgid/2.3.9 PHP/8.3.8 (internal dummy connection)"
127.0.0.1 - - [21/Mar/2026:21:43:20 +0100] "OPTIONS * HTTP/1.0" 200 - "-" "Apache/2.4.6 (CentOS) OpenSSL/1.0.2k-fips mod_fcgid/2.3.9 PHP/8.3.8 (internal dummy connection)"
43.166.255.122 - - [21/Mar/2026:21:43:53 +0100] "GET /?C=D;O=D HTTP/1.1" 200 693 "-" "Mozilla/5.0 (iPhone; CPU iPhone OS 13_2_3 like Mac OS X) AppleWebKit/605.1.15 (KHTML, like Gecko) Version/13.0.3 Mobile/15E148 Safari/604.1"
127.0.0.1 - - [21/Mar/2026:21:44:26 +0100] "OPTIONS * HTTP/1.0" 200 - "-" "Apache/2.4.6 (CentOS) OpenSSL/1.0.2k-fips mod_fcgid/2.3.9 PHP/8.3.8 (internal dummy connection)"
127.0.0.1 - - [21/Mar/2026:21:44:27 +0100] "OPTIONS * HTTP/1.0" 200 - "-" "Apache/2.4.6 (CentOS) OpenSSL/1.0.2k-fips mod_fcgid/2.3.9 PHP/8.3.8 (internal dummy connection)"
127.0.0.1 - - [21/Mar/2026:21:44:29 +0100] "OPTIONS * HTTP/1.0" 200 - "-" "Apache/2.4.6 (CentOS) OpenSSL/1.0.2k-fips mod_fcgid/2.3.9 PHP/8.3.8 (internal dummy connection)"
127.0.0.1 - - [21/Mar/2026:21:45:05 +0100] "OPTIONS * HTTP/1.0" 200 - "-" "Apache/2.4.6 (CentOS) OpenSSL/1.0.2k-fips mod_fcgid/2.3.9 PHP/8.3.8 (internal dummy connection)"
127.0.0.1 - - [21/Mar/2026:21:45:06 +0100] "OPTIONS * HTTP/1.0" 200 - "-" "Apache/2.4.6 (CentOS) OpenSSL/1.0.2k-fips mod_fcgid/2.3.9 PHP/8.3.8 (internal dummy connection)"
127.0.0.1 - - [21/Mar/2026:21:45:07 +0100] "OPTIONS * HTTP/1.0" 200 - "-" "Apache/2.4.6 (CentOS) OpenSSL/1.0.2k-fips mod_fcgid/2.3.9 PHP/8.3.8 (internal dummy connection)"
43.166.251.233 - - [21/Mar/2026:21:46:21 +0100] "GET /?C=N;O=D HTTP/1.1" 200 693 "-" "Mozilla/5.0 (iPhone; CPU iPhone OS 13_2_3 like Mac OS X) AppleWebKit/605.1.15 (KHTML, like Gecko) Version/13.0.3 Mobile/15E148 Safari/604.1"
127.0.0.1 - - [21/Mar/2026:21:46:56 +0100] "OPTIONS * HTTP/1.0" 200 - "-" "Apache/2.4.6 (CentOS) OpenSSL/1.0.2k-fips mod_fcgid/2.3.9 PHP/8.3.8 (internal dummy connection)"
127.0.0.1 - - [21/Mar/2026:21:47:07 +0100] "OPTIONS * HTTP/1.0" 200 - "-" "Apache/2.4.6 (CentOS) OpenSSL/1.0.2k-fips mod_fcgid/2.3.9 PHP/8.3.8 (internal dummy connection)"
127.0.0.1 - - [21/Mar/2026:21:47:08 +0100] "OPTIONS * HTTP/1.0" 200 - "-" "Apache/2.4.6 (CentOS) OpenSSL/1.0.2k-fips mod_fcgid/2.3.9 PHP/8.3.8 (internal dummy connection)"
127.0.0.1 - - [21/Mar/2026:21:47:09 +0100] "OPTIONS * HTTP/1.0" 200 - "-" "Apache/2.4.6 (CentOS) OpenSSL/1.0.2k-fips mod_fcgid/2.3.9 PHP/8.3.8 (internal dummy connection)"
127.0.0.1 - - [21/Mar/2026:21:47:10 +0100] "OPTIONS * HTTP/1.0" 200 - "-" "Apache/2.4.6 (CentOS) OpenSSL/1.0.2k-fips mod_fcgid/2.3.9 PHP/8.3.8 (internal dummy connection)"
127.0.0.1 - - [21/Mar/2026:21:48:18 +0100] "OPTIONS * HTTP/1.0" 200 - "-" "Apache/2.4.6 (CentOS) OpenSSL/1.0.2k-fips mod_fcgid/2.3.9 PHP/8.3.8 (internal dummy connection)"
127.0.0.1 - - [21/Mar/2026:21:48:19 +0100] "OPTIONS * HTTP/1.0" 200 - "-" "Apache/2.4.6 (CentOS) OpenSSL/1.0.2k-fips mod_fcgid/2.3.9 PHP/8.3.8 (internal dummy connection)"
127.0.0.1 - - [21/Mar/2026:21:48:31 +0100] "OPTIONS * HTTP/1.0" 200 - "-" "Apache/2.4.6 (CentOS) OpenSSL/1.0.2k-fips mod_fcgid/2.3.9 PHP/8.3.8 (internal dummy connection)"
43.166.129.247 - - [21/Mar/2026:21:48:54 +0100] "GET /?C=S;O=D HTTP/1.1" 200 693 "-" "Mozilla/5.0 (iPhone; CPU iPhone OS 13_2_3 like Mac OS X) AppleWebKit/605.1.15 (KHTML, like Gecko) Version/13.0.3 Mobile/15E148 Safari/604.1"
43.153.79.218 - - [21/Mar/2026:21:49:28 +0100] "GET /logfiles/?C=N;O=D HTTP/1.1" 200 3107 "-" "Mozilla/5.0 (iPhone; CPU iPhone OS 13_2_3 like Mac OS X) AppleWebKit/605.1.15 (KHTML, like Gecko) Version/13.0.3 Mobile/15E148 Safari/604.1"
43.153.74.75 - - [21/Mar/2026:21:51:24 +0100] "GET /?C=M;O=D HTTP/1.1" 200 693 "-" "Mozilla/5.0 (iPhone; CPU iPhone OS 13_2_3 like Mac OS X) AppleWebKit/605.1.15 (KHTML, like Gecko) Version/13.0.3 Mobile/15E148 Safari/604.1"
127.0.0.1 - - [21/Mar/2026:21:53:08 +0100] "OPTIONS * HTTP/1.0" 200 - "-" "Apache/2.4.6 (CentOS) OpenSSL/1.0.2k-fips mod_fcgid/2.3.9 PHP/8.3.8 (internal dummy connection)"
106.13.224.150 - - [21/Mar/2026:21:53:48 +0100] "POST /cgi-bin/.%2e/.%2e/.%2e/.%2e/.%2e/.%2e/.%2e/.%2e/.%2e/.%2e/bin/sh HTTP/1.1" 400 226 "-" "libredtail-http"
106.13.224.150 - - [21/Mar/2026:21:53:49 +0100] "POST /cgi-bin/%%32%65%%32%65/%%32%65%%32%65/%%32%65%%32%65/%%32%65%%32%65/%%32%65%%32%65/%%32%65%%32%65/%%32%65%%32%65/bin/sh HTTP/1.1" 400 226 "-" "libredtail-http"
127.0.0.1 - - [21/Mar/2026:21:56:07 +0100] "OPTIONS * HTTP/1.0" 200 - "-" "Apache/2.4.6 (CentOS) OpenSSL/1.0.2k-fips mod_fcgid/2.3.9 PHP/8.3.8 (internal dummy connection)"
127.0.0.1 - - [21/Mar/2026:21:56:08 +0100] "OPTIONS * HTTP/1.0" 200 - "-" "Apache/2.4.6 (CentOS) OpenSSL/1.0.2k-fips mod_fcgid/2.3.9 PHP/8.3.8 (internal dummy connection)"
127.0.0.1 - - [21/Mar/2026:21:56:09 +0100] "OPTIONS * HTTP/1.0" 200 - "-" "Apache/2.4.6 (CentOS) OpenSSL/1.0.2k-fips mod_fcgid/2.3.9 PHP/8.3.8 (internal dummy connection)"
43.153.204.189 - - [21/Mar/2026:21:56:48 +0100] "GET /?C=S;O=A HTTP/1.1" 200 693 "-" "Mozilla/5.0 (iPhone; CPU iPhone OS 13_2_3 like Mac OS X) AppleWebKit/605.1.15 (KHTML, like Gecko) Version/13.0.3 Mobile/15E148 Safari/604.1"
49.51.178.45 - - [21/Mar/2026:21:59:14 +0100] "GET /?C=S;O=D HTTP/1.1" 200 693 "-" "Mozilla/5.0 (iPhone; CPU iPhone OS 13_2_3 like Mac OS X) AppleWebKit/605.1.15 (KHTML, like Gecko) Version/13.0.3 Mobile/15E148 Safari/604.1"
204.76.203.212 - - [21/Mar/2026:21:59:31 +0100] "GET / HTTP/1.1" 200 693 "-" "Mozilla/5.0 (Windows NT 10.0; Win64; x64) AppleWebKit/537.36 (KHTML, like Gecko) Chrome/90.0.4430.85 Safari/537.36 Edg/90.0.818.46"
162.62.132.25 - - [21/Mar/2026:21:59:43 +0100] "GET /?C=D;O=D HTTP/1.1" 200 693 "-" "Mozilla/5.0 (iPhone; CPU iPhone OS 13_2_3 like Mac OS X) AppleWebKit/605.1.15 (KHTML, like Gecko) Version/13.0.3 Mobile/15E148 Safari/604.1"
127.0.0.1 - - [21/Mar/2026:22:00:29 +0100] "OPTIONS * HTTP/1.0" 200 - "-" "Apache/2.4.6 (CentOS) OpenSSL/1.0.2k-fips mod_fcgid/2.3.9 PHP/8.3.8 (internal dummy connection)"
43.166.251.233 - - [21/Mar/2026:22:01:10 +0100] "GET /?C=D;O=D HTTP/1.1" 200 693 "-" "Mozilla/5.0 (iPhone; CPU iPhone OS 13_2_3 like Mac OS X) AppleWebKit/605.1.15 (KHTML, like Gecko) Version/13.0.3 Mobile/15E148 Safari/604.1"
68.183.238.42 - - [21/Mar/2026:22:04:16 +0100] "GET / HTTP/1.1" 200 693 "-" "-"
127.0.0.1 - - [21/Mar/2026:22:04:24 +0100] "OPTIONS * HTTP/1.0" 200 - "-" "Apache/2.4.6 (CentOS) OpenSSL/1.0.2k-fips mod_fcgid/2.3.9 PHP/8.3.8 (internal dummy connection)"
127.0.0.1 - - [21/Mar/2026:22:04:34 +0100] "OPTIONS * HTTP/1.0" 200 - "-" "Apache/2.4.6 (CentOS) OpenSSL/1.0.2k-fips mod_fcgid/2.3.9 PHP/8.3.8 (internal dummy connection)"
127.0.0.1 - - [21/Mar/2026:22:04:49 +0100] "OPTIONS * HTTP/1.0" 200 - "-" "Apache/2.4.6 (CentOS) OpenSSL/1.0.2k-fips mod_fcgid/2.3.9 PHP/8.3.8 (internal dummy connection)"
127.0.0.1 - - [21/Mar/2026:22:04:50 +0100] "OPTIONS * HTTP/1.0" 200 - "-" "Apache/2.4.6 (CentOS) OpenSSL/1.0.2k-fips mod_fcgid/2.3.9 PHP/8.3.8 (internal dummy connection)"
43.167.236.228 - - [21/Mar/2026:22:04:58 +0100] "GET /logfiles/ HTTP/1.1" 200 3107 "-" "Mozilla/5.0 (iPhone; CPU iPhone OS 13_2_3 like Mac OS X) AppleWebKit/605.1.15 (KHTML, like Gecko) Version/13.0.3 Mobile/15E148 Safari/604.1"
127.0.0.1 - - [21/Mar/2026:22:05:05 +0100] "OPTIONS * HTTP/1.0" 200 - "-" "Apache/2.4.6 (CentOS) OpenSSL/1.0.2k-fips mod_fcgid/2.3.9 PHP/8.3.8 (internal dummy connection)"
127.0.0.1 - - [21/Mar/2026:22:05:57 +0100] "OPTIONS * HTTP/1.0" 200 - "-" "Apache/2.4.6 (CentOS) OpenSSL/1.0.2k-fips mod_fcgid/2.3.9 PHP/8.3.8 (internal dummy connection)"
127.0.0.1 - - [21/Mar/2026:22:05:58 +0100] "OPTIONS * HTTP/1.0" 200 - "-" "Apache/2.4.6 (CentOS) OpenSSL/1.0.2k-fips mod_fcgid/2.3.9 PHP/8.3.8 (internal dummy connection)"
127.0.0.1 - - [21/Mar/2026:22:05:59 +0100] "OPTIONS * HTTP/1.0" 200 - "-" "Apache/2.4.6 (CentOS) OpenSSL/1.0.2k-fips mod_fcgid/2.3.9 PHP/8.3.8 (internal dummy connection)"
127.0.0.1 - - [21/Mar/2026:22:06:19 +0100] "OPTIONS * HTTP/1.0" 200 - "-" "Apache/2.4.6 (CentOS) OpenSSL/1.0.2k-fips mod_fcgid/2.3.9 PHP/8.3.8 (internal dummy connection)"
43.135.185.59 - - [21/Mar/2026:22:07:47 +0100] "GET /?C=D;O=D HTTP/1.1" 200 693 "-" "Mozilla/5.0 (iPhone; CPU iPhone OS 13_2_3 like Mac OS X) AppleWebKit/605.1.15 (KHTML, like Gecko) Version/13.0.3 Mobile/15E148 Safari/604.1"
127.0.0.1 - - [21/Mar/2026:22:09:33 +0100] "OPTIONS * HTTP/1.0" 200 - "-" "Apache/2.4.6 (CentOS) OpenSSL/1.0.2k-fips mod_fcgid/2.3.9 PHP/8.3.8 (internal dummy connection)"
43.130.14.245 - - [21/Mar/2026:22:09:41 +0100] "GET /logfiles/?C=M;O=A HTTP/1.1" 200 3107 "-" "Mozilla/5.0 (iPhone; CPU iPhone OS 13_2_3 like Mac OS X) AppleWebKit/605.1.15 (KHTML, like Gecko) Version/13.0.3 Mobile/15E148 Safari/604.1"
43.135.172.89 - - [21/Mar/2026:22:09:44 +0100] "GET /?C=S;O=D HTTP/1.1" 200 693 "-" "Mozilla/5.0 (iPhone; CPU iPhone OS 13_2_3 like Mac OS X) AppleWebKit/605.1.15 (KHTML, like Gecko) Version/13.0.3 Mobile/15E148 Safari/604.1"
178.128.214.41 - - [21/Mar/2026:22:10:21 +0100] "GET / HTTP/1.1" 200 693 "-" "-"
127.0.0.1 - - [21/Mar/2026:22:12:29 +0100] "OPTIONS * HTTP/1.0" 200 - "-" "Apache/2.4.6 (CentOS) OpenSSL/1.0.2k-fips mod_fcgid/2.3.9 PHP/8.3.8 (internal dummy connection)"
43.159.145.149 - - [21/Mar/2026:22:15:37 +0100] "GET /?C=D;O=A HTTP/1.1" 200 693 "-" "Mozilla/5.0 (iPhone; CPU iPhone OS 13_2_3 like Mac OS X) AppleWebKit/605.1.15 (KHTML, like Gecko) Version/13.0.3 Mobile/15E148 Safari/604.1"
127.0.0.1 - - [21/Mar/2026:22:18:08 +0100] "OPTIONS * HTTP/1.0" 200 - "-" "Apache/2.4.6 (CentOS) OpenSSL/1.0.2k-fips mod_fcgid/2.3.9 PHP/8.3.8 (internal dummy connection)"
127.0.0.1 - - [21/Mar/2026:22:18:09 +0100] "OPTIONS * HTTP/1.0" 200 - "-" "Apache/2.4.6 (CentOS) OpenSSL/1.0.2k-fips mod_fcgid/2.3.9 PHP/8.3.8 (internal dummy connection)"
127.0.0.1 - - [21/Mar/2026:22:18:14 +0100] "OPTIONS * HTTP/1.0" 200 - "-" "Apache/2.4.6 (CentOS) OpenSSL/1.0.2k-fips mod_fcgid/2.3.9 PHP/8.3.8 (internal dummy connection)"
34.158.79.105 - - [21/Mar/2026:22:18:31 +0100] "GET /.env HTTP/1.1" 404 202 "-" "Mozilla/5.0 (X11; Linux x86_64) AppleWebKit/537.36 Chrome/120.0.0.0"
34.158.79.105 - - [21/Mar/2026:22:18:31 +0100] "\x16\x03\x01\x05\xa8\x01" 400 226 "-" "-"
49.51.36.179 - - [21/Mar/2026:22:18:42 +0100] "GET /logfiles/error.log.2026.03.20 HTTP/1.1" 200 162914 "-" "Mozilla/5.0 (iPhone; CPU iPhone OS 13_2_3 like Mac OS X) AppleWebKit/605.1.15 (KHTML, like Gecko) Version/13.0.3 Mobile/15E148 Safari/604.1"
62.45.67.229 - - [21/Mar/2026:22:18:44 +0100] "-" 408 - "-" "-"
195.3.221.8 - - [21/Mar/2026:22:18:53 +0100] "GET / HTTP/1.1" 200 693 "-" "Mozilla/5.0 (Windows NT 10.0; Win64; x64) AppleWebKit/537.36 (KHTML, like Gecko) Chrome/90.0.4430.85 Safari/537.36 Edg/90.0.818.46"
43.130.40.120 - - [21/Mar/2026:22:19:18 +0100] "GET /?C=M;O=D HTTP/1.1" 200 693 "-" "Mozilla/5.0 (iPhone; CPU iPhone OS 13_2_3 like Mac OS X) AppleWebKit/605.1.15 (KHTML, like Gecko) Version/13.0.3 Mobile/15E148 Safari/604.1"
182.40.104.255 - - [21/Mar/2026:22:19:33 +0100] "GET / HTTP/1.1" 200 693 "-" "Mozilla/5.0 (iPhone; CPU iPhone OS 13_2_3 like Mac OS X) AppleWebKit/605.1.15 (KHTML, like Gecko) Version/13.0.3 Mobile/15E148 Safari/604.1"
165.22.253.250 - - [21/Mar/2026:22:20:02 +0100] "GET / HTTP/1.1" 200 693 "-" "-"
43.155.157.239 - - [21/Mar/2026:22:20:05 +0100] "GET /logfiles/?C=M;O=A HTTP/1.1" 200 3107 "-" "Mozilla/5.0 (iPhone; CPU iPhone OS 13_2_3 like Mac OS X) AppleWebKit/605.1.15 (KHTML, like Gecko) Version/13.0.3 Mobile/15E148 Safari/604.1"
43.135.144.126 - - [21/Mar/2026:22:21:11 +0100] "GET / HTTP/1.1" 200 693 "-" "Mozilla/5.0 (iPhone; CPU iPhone OS 13_2_3 like Mac OS X) AppleWebKit/605.1.15 (KHTML, like Gecko) Version/13.0.3 Mobile/15E148 Safari/604.1"
127.0.0.1 - - [21/Mar/2026:22:22:21 +0100] "OPTIONS * HTTP/1.0" 200 - "-" "Apache/2.4.6 (CentOS) OpenSSL/1.0.2k-fips mod_fcgid/2.3.9 PHP/8.3.8 (internal dummy connection)"
127.0.0.1 - - [21/Mar/2026:22:22:22 +0100] "OPTIONS * HTTP/1.0" 200 - "-" "Apache/2.4.6 (CentOS) OpenSSL/1.0.2k-fips mod_fcgid/2.3.9 PHP/8.3.8 (internal dummy connection)"
127.0.0.1 - - [21/Mar/2026:22:22:27 +0100] "OPTIONS * HTTP/1.0" 200 - "-" "Apache/2.4.6 (CentOS) OpenSSL/1.0.2k-fips mod_fcgid/2.3.9 PHP/8.3.8 (internal dummy connection)"
170.106.160.90 - - [21/Mar/2026:22:24:45 +0100] "GET / HTTP/1.1" 200 693 "-" "Mozilla/5.0 (iPhone; CPU iPhone OS 13_2_3 like Mac OS X) AppleWebKit/605.1.15 (KHTML, like Gecko) Version/13.0.3 Mobile/15E148 Safari/604.1"
18.211.58.193 - - [21/Mar/2026:22:25:06 +0100] "GET / HTTP/1.1" 200 693 "-" "Mozilla/5.0 (Windows NT 6.3; Win64; x64) AppleWebKit/537.36 (KHTML, like Gecko) Chrome/100.0.4896.60 Safari/537.36"
43.166.224.244 - - [21/Mar/2026:22:26:35 +0100] "GET /?C=M;O=D HTTP/1.1" 200 693 "-" "Mozilla/5.0 (iPhone; CPU iPhone OS 13_2_3 like Mac OS X) AppleWebKit/605.1.15 (KHTML, like Gecko) Version/13.0.3 Mobile/15E148 Safari/604.1"
127.0.0.1 - - [21/Mar/2026:22:26:55 +0100] "OPTIONS * HTTP/1.0" 200 - "-" "Apache/2.4.6 (CentOS) OpenSSL/1.0.2k-fips mod_fcgid/2.3.9 PHP/8.3.8 (internal dummy connection)"
204.76.203.212 - - [21/Mar/2026:22:28:03 +0100] "GET / HTTP/1.1" 200 693 "-" "Mozilla/5.0 (Windows NT 10.0; Win64; x64) AppleWebKit/537.36 (KHTML, like Gecko) Chrome/90.0.4430.85 Safari/537.36 Edg/90.0.818.46"
127.0.0.1 - - [21/Mar/2026:22:28:29 +0100] "OPTIONS * HTTP/1.0" 200 - "-" "Apache/2.4.6 (CentOS) OpenSSL/1.0.2k-fips mod_fcgid/2.3.9 PHP/8.3.8 (internal dummy connection)"
127.0.0.1 - - [21/Mar/2026:22:28:30 +0100] "OPTIONS * HTTP/1.0" 200 - "-" "Apache/2.4.6 (CentOS) OpenSSL/1.0.2k-fips mod_fcgid/2.3.9 PHP/8.3.8 (internal dummy connection)"
43.131.39.179 - - [21/Mar/2026:22:28:30 +0100] "GET /logfiles/access.log.2026.03.19 HTTP/1.1" 200 1552748 "-" "Mozilla/5.0 (iPhone; CPU iPhone OS 13_2_3 like Mac OS X) AppleWebKit/605.1.15 (KHTML, like Gecko) Version/13.0.3 Mobile/15E148 Safari/604.1"
127.0.0.1 - - [21/Mar/2026:22:28:31 +0100] "OPTIONS * HTTP/1.0" 200 - "-" "Apache/2.4.6 (CentOS) OpenSSL/1.0.2k-fips mod_fcgid/2.3.9 PHP/8.3.8 (internal dummy connection)"
127.0.0.1 - - [21/Mar/2026:22:28:32 +0100] "OPTIONS * HTTP/1.0" 200 - "-" "Apache/2.4.6 (CentOS) OpenSSL/1.0.2k-fips mod_fcgid/2.3.9 PHP/8.3.8 (internal dummy connection)"
43.135.182.95 - - [21/Mar/2026:22:30:16 +0100] "GET /logfiles/access.log.2026.03.18 HTTP/1.1" 200 3115079 "-" "Mozilla/5.0 (iPhone; CPU iPhone OS 13_2_3 like Mac OS X) AppleWebKit/605.1.15 (KHTML, like Gecko) Version/13.0.3 Mobile/15E148 Safari/604.1"
